CRAN Package Check Results for Package D3partitionR

Last updated on 2025-11-23 12:49:46 CET.

Flavor Version Tinstall Tcheck Ttotal Status Flags
r-devel-linux-x86_64-debian-clang 0.5.0 3.13 30.71 33.84 OK
r-devel-linux-x86_64-debian-gcc 0.5.0 2.40 23.92 26.32 OK
r-devel-linux-x86_64-fedora-clang 0.5.0 48.05 NOTE
r-devel-windows-x86_64 0.5.0 9.00 48.00 57.00 OK
r-patched-linux-x86_64 0.5.0 3.64 27.37 31.01 OK
r-release-linux-x86_64 0.5.0 3.37 27.55 30.92 OK
r-release-macos-arm64 0.5.0 OK
r-release-macos-x86_64 0.5.0 3.00 28.00 31.00 OK
r-release-windows-x86_64 0.5.0 7.00 54.00 61.00 OK
r-oldrel-macos-arm64 0.5.0 NOTE
r-oldrel-macos-x86_64 0.5.0 3.00 24.00 27.00 NOTE
r-oldrel-windows-x86_64 0.5.0 9.00 56.00 65.00 NOTE

Check Details

Version: 0.5.0
Check: dependencies in R code
Result: NOTE Namespace in Imports field not imported from: ‘titanic’ All declared Imports should be used. Flavor: r-devel-linux-x86_64-fedora-clang

Version: 0.5.0
Check: LazyData
Result: NOTE 'LazyData' is specified without a 'data' directory Flavors: r-oldrel-macos-arm64, r-oldrel-macos-x86_64, r-oldrel-windows-x86_64