Last updated on 2025-11-15 11:50:41 CET.
| Flavor | Version | Tinstall | Tcheck | Ttotal | Status | Flags |
|---|---|---|---|---|---|---|
| r-devel-linux-x86_64-debian-clang | 0.0.1 | 2.78 | 28.02 | 30.80 | OK | |
| r-devel-linux-x86_64-debian-gcc | 0.0.1 | 1.85 | 21.63 | 23.48 | OK | |
| r-devel-linux-x86_64-fedora-clang | 0.0.1 | 13.00 | 35.18 | 48.18 | NOTE | |
| r-devel-linux-x86_64-fedora-gcc | 0.0.1 | 43.79 | NOTE | |||
| r-devel-windows-x86_64 | 0.0.1 | 6.00 | 44.00 | 50.00 | OK | |
| r-patched-linux-x86_64 | 0.0.1 | 3.16 | 26.54 | 29.70 | OK | |
| r-release-linux-x86_64 | 0.0.1 | 1.62 | 26.57 | 28.19 | OK | |
| r-release-macos-arm64 | 0.0.1 | 5.00 | ERROR | |||
| r-release-macos-x86_64 | 0.0.1 | 7.00 | ERROR | |||
| r-release-windows-x86_64 | 0.0.1 | 5.00 | 45.00 | 50.00 | OK | |
| r-oldrel-macos-arm64 | 0.0.1 | 10.00 | ERROR | |||
| r-oldrel-macos-x86_64 | 0.0.1 | 14.00 | ERROR | |||
| r-oldrel-windows-x86_64 | 0.0.1 | 6.00 | 53.00 | 59.00 | OK |
Version: 0.0.1
Check: dependencies in R code
Result: NOTE
Namespace in Imports field not imported from: ‘TCGAbiolinks’
All declared Imports should be used.
Flavors: r-devel-linux-x86_64-fedora-clang, r-devel-linux-x86_64-fedora-gcc
Version: 0.0.1
Check: package dependencies
Result: ERROR
Package required but not available: ‘TCGAbiolinks’
See section ‘The DESCRIPTION file’ in the ‘Writing R Extensions’
manual.
Flavors: r-release-macos-arm64, r-release-macos-x86_64, r-oldrel-macos-arm64, r-oldrel-macos-x86_64