Last updated on 2025-11-04 10:53:26 CET.
| Flavor | Version | Tinstall | Tcheck | Ttotal | Status | Flags | 
|---|---|---|---|---|---|---|
| r-devel-linux-x86_64-debian-clang | 1.3.8 | 19.94 | 121.54 | 141.48 | NOTE | |
| r-devel-linux-x86_64-debian-gcc | 1.3.8 | 15.82 | 86.21 | 102.03 | NOTE | |
| r-devel-linux-x86_64-fedora-clang | 1.3.8 | 85.00 | 143.60 | 228.60 | OK | |
| r-devel-linux-x86_64-fedora-gcc | 1.3.8 | 44.00 | 160.38 | 204.38 | OK | |
| r-devel-windows-x86_64 | 1.3.8 | 25.00 | 120.00 | 145.00 | OK | |
| r-patched-linux-x86_64 | 1.3.8 | 20.36 | 116.57 | 136.93 | OK | |
| r-release-linux-x86_64 | 1.3.8 | 19.77 | 115.84 | 135.61 | OK | |
| r-release-macos-arm64 | 1.3.8 | 9.00 | 48.00 | 57.00 | OK | |
| r-release-macos-x86_64 | 1.3.8 | 34.00 | 92.00 | 126.00 | OK | |
| r-release-windows-x86_64 | 1.3.8 | 42.00 | 117.00 | 159.00 | OK | |
| r-oldrel-macos-arm64 | 1.3.8 | 9.00 | 47.00 | 56.00 | OK | |
| r-oldrel-macos-x86_64 | 1.3.8 | 14.00 | 98.00 | 112.00 | OK | |
| r-oldrel-windows-x86_64 | 1.3.8 | 32.00 | 163.00 | 195.00 | OK | 
Version: 1.3.8
Check: CRAN incoming feasibility
Result: NOTE
  Maintainer: ‘Angelo Mazza <a.mazza@unict.it>’
  
  No Authors@R field in DESCRIPTION.
  Please add one, modifying
    Authors@R: c(person(given = "Antonio",
                        family = "Punzo",
                        role = "aut"),
                 person(given = "Angelo",
                        family = "Mazza",
                        role = c("aut", "cre"),
                        email = "a.mazza@unict.it"),
                 person(given = c("Paul", "D."),
                        family = "McNicholas",
                        role = "aut"))
  as necessary.
Flavors: r-devel-linux-x86_64-debian-clang, r-devel-linux-x86_64-debian-gcc