CRAN Package Check Results for Package CombinePortfolio

Last updated on 2025-10-09 12:51:13 CEST.

Flavor Version Tinstall Tcheck Ttotal Status Flags
r-devel-linux-x86_64-debian-clang 0.4 2.95 28.04 30.99 NOTE
r-devel-linux-x86_64-debian-gcc 0.4 2.09 20.76 22.85 NOTE
r-devel-linux-x86_64-fedora-clang 0.4 46.72 OK
r-devel-linux-x86_64-fedora-gcc 0.4 44.74 OK
r-devel-windows-x86_64 0.4 4.00 50.00 54.00 OK
r-patched-linux-x86_64 0.4 2.93 26.57 29.50 OK
r-release-linux-x86_64 0.4 2.68 26.25 28.93 OK
r-release-macos-arm64 0.4 18.00 OK
r-release-macos-x86_64 0.4 32.00 OK
r-release-windows-x86_64 0.4 5.00 51.00 56.00 OK
r-oldrel-macos-arm64 0.4 21.00 OK
r-oldrel-macos-x86_64 0.4 27.00 OK
r-oldrel-windows-x86_64 0.4 4.00 49.00 53.00 OK

Check Details

Version: 0.4
Check: CRAN incoming feasibility
Result: NOTE Maintainer: ‘Florian Ziel <florian.ziel@uni-due.de>’ No Authors@R field in DESCRIPTION. Please add one, modifying Authors@R: person(given = "Florian", family = "Ziel", role = c("aut", "cre"), email = "florian.ziel@uni-due.de") as necessary. Flavors: r-devel-linux-x86_64-debian-clang, r-devel-linux-x86_64-debian-gcc