Last updated on 2025-10-31 09:50:13 CET.
| Flavor | Version | Tinstall | Tcheck | Ttotal | Status | Flags | 
|---|---|---|---|---|---|---|
| r-devel-linux-x86_64-debian-clang | 1.3.0 | 302.72 | 284.52 | 587.24 | OK | |
| r-devel-linux-x86_64-debian-gcc | 1.3.0 | 227.07 | 251.14 | 478.21 | OK | |
| r-devel-linux-x86_64-fedora-clang | 1.4.3 | 186.00 | 683.99 | 869.99 | OK | |
| r-devel-linux-x86_64-fedora-gcc | 1.4.3 | 284.00 | 787.57 | 1071.57 | OK | |
| r-devel-windows-x86_64 | 1.3.0 | 225.00 | 673.00 | 898.00 | OK | |
| r-patched-linux-x86_64 | 1.3.0 | 291.34 | 284.48 | 575.82 | OK | |
| r-release-linux-x86_64 | 1.3.0 | 279.03 | 286.76 | 565.79 | OK | |
| r-release-macos-arm64 | 1.4.3 | 143.00 | 107.00 | 250.00 | OK | |
| r-release-macos-x86_64 | 1.4.3 | 197.00 | 257.00 | 454.00 | OK | |
| r-release-windows-x86_64 | 1.3.0 | 231.00 | 696.00 | 927.00 | OK | |
| r-oldrel-macos-arm64 | 1.4.3 | 139.00 | 112.00 | 251.00 | NOTE | |
| r-oldrel-macos-x86_64 | 1.4.3 | 188.00 | 254.00 | 442.00 | NOTE | |
| r-oldrel-windows-x86_64 | 1.3.0 | 274.00 | 899.00 | 1173.00 | NOTE | 
Version: 1.4.3
Check: installed package size
Result: NOTE
    installed size is 105.3Mb
    sub-directories of 1Mb or more:
      doc     2.0Mb
      libs  102.7Mb
Flavors: r-oldrel-macos-arm64, r-oldrel-macos-x86_64
Version: 1.3.0
Check: installed package size
Result: NOTE
    installed size is  5.5Mb
    sub-directories of 1Mb or more:
      doc    1.9Mb
      libs   3.0Mb
Flavor: r-oldrel-windows-x86_64