Last updated on 2025-11-22 09:49:48 CET.
| Flavor | Version | Tinstall | Tcheck | Ttotal | Status | Flags |
|---|---|---|---|---|---|---|
| r-devel-linux-x86_64-debian-clang | 0.1-4 | 2.33 | 24.16 | 26.49 | NOTE | |
| r-devel-linux-x86_64-debian-gcc | 0.1-4 | 1.59 | 19.48 | 21.07 | NOTE | |
| r-devel-linux-x86_64-fedora-clang | 0.1-4 | 38.89 | OK | |||
| r-devel-windows-x86_64 | 0.1-4 | 5.00 | 42.00 | 47.00 | OK | |
| r-patched-linux-x86_64 | 0.1-4 | 2.45 | 22.68 | 25.13 | OK | |
| r-release-linux-x86_64 | 0.1-4 | 1.90 | 22.56 | 24.46 | OK | |
| r-release-macos-arm64 | 0.1-4 | OK | ||||
| r-release-macos-x86_64 | 0.1-4 | 2.00 | 27.00 | 29.00 | OK | |
| r-release-windows-x86_64 | 0.1-4 | 4.00 | 48.00 | 52.00 | OK | |
| r-oldrel-macos-arm64 | 0.1-4 | OK | ||||
| r-oldrel-macos-x86_64 | 0.1-4 | 2.00 | 22.00 | 24.00 | OK | |
| r-oldrel-windows-x86_64 | 0.1-4 | 4.00 | 45.00 | 49.00 | OK |
Version: 0.1-4
Check: CRAN incoming feasibility
Result: NOTE
Maintainer: ‘Kevin Quinn <kmq@umich.edu>’
No Authors@R field in DESCRIPTION.
Please add one, modifying
Authors@R: c(person(given = "Adam",
family = "Glynn",
role = "aut",
email = "adam.glynn@emory.edu"),
person(given = "Kevin",
family = "Quinn",
role = c("aut", "cre"),
email = "kmq@umich.edu"))
as necessary.
Flavors: r-devel-linux-x86_64-debian-clang, r-devel-linux-x86_64-debian-gcc