Last updated on 2025-10-31 09:50:14 CET.
| Flavor | Version | Tinstall | Tcheck | Ttotal | Status | Flags | 
|---|---|---|---|---|---|---|
| r-devel-linux-x86_64-debian-clang | 1.2 | 4.23 | 31.56 | 35.79 | NOTE | |
| r-devel-linux-x86_64-debian-gcc | 1.2 | 2.78 | 24.66 | 27.44 | NOTE | |
| r-devel-linux-x86_64-fedora-clang | 1.2 | 11.00 | 43.81 | 54.81 | OK | |
| r-devel-linux-x86_64-fedora-gcc | 1.2 | 51.08 | OK | |||
| r-devel-windows-x86_64 | 1.2 | 5.00 | 47.00 | 52.00 | OK | |
| r-patched-linux-x86_64 | 1.2 | 2.92 | 30.59 | 33.51 | OK | |
| r-release-linux-x86_64 | 1.2 | 4.09 | 30.17 | 34.26 | OK | |
| r-release-macos-arm64 | 1.2 | 2.00 | 18.00 | 20.00 | OK | |
| r-release-macos-x86_64 | 1.2 | 5.00 | 32.00 | 37.00 | OK | |
| r-release-windows-x86_64 | 1.2 | 5.00 | 48.00 | 53.00 | OK | |
| r-oldrel-macos-arm64 | 1.2 | 1.00 | 17.00 | 18.00 | OK | |
| r-oldrel-macos-x86_64 | 1.2 | 6.00 | 30.00 | 36.00 | OK | |
| r-oldrel-windows-x86_64 | 1.2 | 7.00 | 55.00 | 62.00 | OK | 
Version: 1.2
Check: CRAN incoming feasibility
Result: NOTE
  Maintainer: ‘Jeremie Riou <jeremie.riou@univ-angers.fr>’
  
  No Authors@R field in DESCRIPTION.
  Please add one, modifying
    Authors@R: c(person(given = "Jeremie",
                        family = "Riou",
                        role = c("aut", "cre"),
                        email = "jeremie.riou@univ-angers.fr"),
                 person(given = "Benoit",
                        family = "Liquet",
                        role = "aut"))
  as necessary.
Flavors: r-devel-linux-x86_64-debian-clang, r-devel-linux-x86_64-debian-gcc