Last updated on 2025-10-30 09:49:46 CET.
| Flavor | Version | Tinstall | Tcheck | Ttotal | Status | Flags | 
|---|---|---|---|---|---|---|
| r-devel-linux-x86_64-debian-clang | 1.0.0 | 3.98 | 38.56 | 42.54 | NOTE | |
| r-devel-linux-x86_64-debian-gcc | 1.0.0 | 2.69 | 25.77 | 28.46 | NOTE | |
| r-devel-linux-x86_64-fedora-clang | 1.0.0 | 67.23 | OK | |||
| r-devel-linux-x86_64-fedora-gcc | 1.0.0 | 14.00 | 51.08 | 65.08 | OK | |
| r-devel-windows-x86_64 | 1.0.0 | 6.00 | 54.00 | 60.00 | OK | |
| r-patched-linux-x86_64 | 1.0.0 | 3.53 | 35.83 | 39.36 | OK | |
| r-release-linux-x86_64 | 1.0.0 | 3.84 | 36.17 | 40.01 | OK | |
| r-release-macos-arm64 | 1.0.0 | 2.00 | 17.00 | 19.00 | OK | |
| r-release-macos-x86_64 | 1.0.0 | 3.00 | 43.00 | 46.00 | OK | |
| r-release-windows-x86_64 | 1.0.0 | 4.00 | 54.00 | 58.00 | OK | |
| r-oldrel-macos-arm64 | 1.0.0 | 2.00 | 22.00 | 24.00 | OK | |
| r-oldrel-macos-x86_64 | 1.0.0 | 4.00 | 32.00 | 36.00 | OK | |
| r-oldrel-windows-x86_64 | 1.0.0 | 4.00 | 61.00 | 65.00 | OK | 
Version: 1.0.0
Check: CRAN incoming feasibility
Result: NOTE
  Maintainer: ‘JiaSheng Zhang <zhangjiasheng0509@outlook.com>’
  
  No Authors@R field in DESCRIPTION.
  Please add one, modifying
    Authors@R: c(person(given = "JiaSheng",
                        family = "Zhang",
                        role = c("aut", "cre"),
                        email = "zhangjiasheng0509@outlook.com",
                        comment = "<zhangjiasheng0509@outlook.com>"),
                 person(given = "SiWei",
                        family = "Deng",
                        role = "aut"),
                 person(given = "Feng",
                        family = "Yu",
                        role = "aut"),
                 person(given = "YangYang",
                        family = "Zhang",
                        role = "aut"))
  as necessary.
Flavors: r-devel-linux-x86_64-debian-clang, r-devel-linux-x86_64-debian-gcc