Last updated on 2025-11-10 10:51:19 CET.
| Flavor | Version | Tinstall | Tcheck | Ttotal | Status | Flags |
|---|---|---|---|---|---|---|
| r-devel-linux-x86_64-debian-clang | 2.2.1 | 177.89 | 74.09 | 251.98 | OK | |
| r-devel-linux-x86_64-debian-gcc | 2.2.1 | 144.78 | 58.47 | 203.25 | OK | |
| r-devel-linux-x86_64-fedora-clang | 2.2.2 | 178.00 | 340.18 | 518.18 | OK | |
| r-devel-linux-x86_64-fedora-gcc | 2.2.1 | 451.00 | 92.07 | 543.07 | OK | |
| r-devel-windows-x86_64 | 2.2.1 | 203.00 | 121.00 | 324.00 | OK | |
| r-patched-linux-x86_64 | 2.2.1 | 196.02 | 76.33 | 272.35 | OK | |
| r-release-linux-x86_64 | 2.2.1 | 1.68 | 1.68 | ERROR | ||
| r-release-macos-arm64 | 2.2.2 | 101.00 | 33.00 | 134.00 | OK | |
| r-release-macos-x86_64 | 2.2.2 | 124.00 | 74.00 | 198.00 | OK | |
| r-release-windows-x86_64 | 2.2.1 | 216.00 | 116.00 | 332.00 | OK | |
| r-oldrel-macos-arm64 | 2.2.2 | 91.00 | 37.00 | 128.00 | NOTE | |
| r-oldrel-macos-x86_64 | 2.2.2 | 157.00 | 68.00 | 225.00 | NOTE | |
| r-oldrel-windows-x86_64 | 2.2.2 | 189.00 | 150.00 | 339.00 | OK |
Version: 2.2.1
Check: package dependencies
Result: ERROR
Package required but not available: ‘ddpcr’
See section ‘The DESCRIPTION file’ in the ‘Writing R Extensions’
manual.
Flavor: r-release-linux-x86_64
Version: 2.2.2
Check: installed package size
Result: NOTE
installed size is 46.5Mb
sub-directories of 1Mb or more:
libs 46.1Mb
Flavors: r-oldrel-macos-arm64, r-oldrel-macos-x86_64