Last updated on 2025-10-24 09:49:57 CEST.
| Flavor | Version | Tinstall | Tcheck | Ttotal | Status | Flags |
|---|---|---|---|---|---|---|
| r-devel-linux-x86_64-debian-clang | 3.3.1 | 11.89 | 100.48 | 112.37 | NOTE | |
| r-devel-linux-x86_64-debian-gcc | 3.3.1 | 8.98 | 68.24 | 77.22 | NOTE | |
| r-devel-linux-x86_64-fedora-clang | 3.3.1 | 28.00 | 143.19 | 171.19 | OK | |
| r-devel-linux-x86_64-fedora-gcc | 3.3.1 | 24.00 | 141.13 | 165.13 | OK | |
| r-devel-windows-x86_64 | 3.3.1 | 15.00 | 109.00 | 124.00 | OK | |
| r-patched-linux-x86_64 | 3.3.1 | 13.57 | 93.74 | 107.31 | OK | |
| r-release-linux-x86_64 | 3.3.1 | 11.86 | 93.73 | 105.59 | OK | |
| r-release-macos-arm64 | 3.3.1 | 7.00 | 57.00 | 64.00 | OK | |
| r-release-macos-x86_64 | 3.3.1 | 12.00 | 65.00 | 77.00 | OK | |
| r-release-windows-x86_64 | 3.3.1 | 14.00 | 110.00 | 124.00 | OK | |
| r-oldrel-macos-arm64 | 3.3.1 | 5.00 | 38.00 | 43.00 | OK | |
| r-oldrel-macos-x86_64 | 3.3.1 | 7.00 | 49.00 | 56.00 | OK | |
| r-oldrel-windows-x86_64 | 3.3.1 | 20.00 | 141.00 | 161.00 | OK |
Version: 3.3.1
Check: CRAN incoming feasibility
Result: NOTE
Maintainer: ‘Rosaria Lombardo <rosaria.lombardo@unicampania.it>’
No Authors@R field in DESCRIPTION.
Please add one, modifying
Authors@R: c(person(given = "Rosaria",
family = "Lombardo",
role = c("aut", "cre"),
email = "rosaria.lombardo@unicampania.it"),
person(given = c("Eric", "J"),
family = "Beh",
role = "aut"),
person(given = "Michel",
family = "van de Velden",
role = "aut"))
as necessary.
Flavors: r-devel-linux-x86_64-debian-clang, r-devel-linux-x86_64-debian-gcc