CRAN Package Check Results for Package BayesRGMM

Last updated on 2025-11-23 12:49:43 CET.

Flavor Version Tinstall Tcheck Ttotal Status Flags
r-devel-linux-x86_64-debian-clang 2.2 99.52 151.84 251.36 WARN
r-devel-linux-x86_64-debian-gcc 2.2 67.76 102.28 170.04 WARN
r-devel-linux-x86_64-fedora-clang 2.2 161.00 260.76 421.76 NOTE
r-devel-windows-x86_64 2.2 117.00 182.00 299.00 NOTE
r-patched-linux-x86_64 2.2 101.93 134.56 236.49 NOTE
r-release-linux-x86_64 2.2 99.81 133.37 233.18 NOTE
r-release-macos-arm64 2.2 NOTE
r-release-macos-x86_64 2.2 54.00 163.00 217.00 NOTE
r-release-windows-x86_64 2.2 111.00 179.00 290.00 NOTE
r-oldrel-macos-arm64 2.2 NOTE
r-oldrel-macos-x86_64 2.2 46.00 130.00 176.00 NOTE
r-oldrel-windows-x86_64 2.2 130.00 224.00 354.00 NOTE

Check Details

Version: 2.2
Check: whether package can be installed
Result: WARN Found the following significant warnings: /home/hornik/tmp/R.check/r-devel-clang/Work/build/Packages/RcppArmadillo/include/RcppArmadillo/version/arma.h:66:17: warning: Using fallback compilation with Armadillo 14.6.3. Please consider defining -DARMA_USE_CURRENT and also removing C++11 compilation directive. See GitHub issue #475 for more. [-W#pragma-messages] See ‘/home/hornik/tmp/R.check/r-devel-clang/Work/PKGS/BayesRGMM.Rcheck/00install.out’ for details. * used C++ compiler: ‘Debian clang version 21.1.5 (1)’ Flavor: r-devel-linux-x86_64-debian-clang

Version: 2.2
Check: C++ specification
Result: NOTE Specified C++11: please drop specification unless essential Flavors: r-devel-linux-x86_64-debian-clang, r-devel-linux-x86_64-debian-gcc, r-devel-linux-x86_64-fedora-clang, r-devel-windows-x86_64, r-patched-linux-x86_64, r-release-linux-x86_64, r-release-macos-arm64, r-release-macos-x86_64, r-release-windows-x86_64, r-oldrel-macos-arm64, r-oldrel-macos-x86_64, r-oldrel-windows-x86_64

Version: 2.2
Check: whether package can be installed
Result: WARN Found the following significant warnings: /home/hornik/tmp/R.check/r-devel-gcc/Work/build/Packages/RcppArmadillo/include/RcppArmadillo/version/arma.h:66:199: note: ‘#pragma message: Using fallback compilation with Armadillo 14.6.3. Please consider defining -DARMA_USE_CURRENT and also removing C++11 compilation directive. See GitHub issue #475 for more.’ See ‘/home/hornik/tmp/R.check/r-devel-gcc/Work/PKGS/BayesRGMM.Rcheck/00install.out’ for details. * used C++ compiler: ‘g++-15 (Debian 15.2.0-7) 15.2.0’ Flavor: r-devel-linux-x86_64-debian-gcc

Version: 2.2
Check: installed package size
Result: NOTE installed size is 8.1Mb sub-directories of 1Mb or more: libs 7.5Mb Flavors: r-oldrel-macos-arm64, r-oldrel-macos-x86_64