Last updated on 2025-11-15 11:50:38 CET.
| Flavor | Version | Tinstall | Tcheck | Ttotal | Status | Flags |
|---|---|---|---|---|---|---|
| r-devel-linux-x86_64-debian-clang | 1.1.0 | 8.92 | 42.45 | 51.37 | OK | |
| r-devel-linux-x86_64-debian-gcc | 1.1.0 | 5.27 | 29.48 | 34.75 | OK | |
| r-devel-linux-x86_64-fedora-clang | 1.1.0 | 39.00 | 47.55 | 86.55 | OK | |
| r-devel-linux-x86_64-fedora-gcc | 1.1.0 | 22.00 | 57.38 | 79.38 | OK | |
| r-devel-windows-x86_64 | 1.1.0 | 9.00 | 56.00 | 65.00 | OK | |
| r-patched-linux-x86_64 | 1.1.0 | 7.34 | 39.66 | 47.00 | OK | |
| r-release-linux-x86_64 | 1.1.0 | 7.96 | 39.48 | 47.44 | OK | |
| r-release-macos-arm64 | 1.1.0 | 4.00 | 21.00 | 25.00 | OK | |
| r-release-macos-x86_64 | 1.1.0 | 12.00 | 59.00 | 71.00 | OK | |
| r-release-windows-x86_64 | 1.1.0 | 8.00 | 56.00 | 64.00 | OK | |
| r-oldrel-macos-arm64 | 1.1.0 | 3.00 | 25.00 | 28.00 | NOTE | |
| r-oldrel-macos-x86_64 | 1.1.0 | 6.00 | 34.00 | 40.00 | NOTE | |
| r-oldrel-windows-x86_64 | 1.1.0 | 10.00 | 67.00 | 77.00 | NOTE |
Version: 1.1.0
Check: LazyData
Result: NOTE
'LazyData' is specified without a 'data' directory
Flavors: r-oldrel-macos-arm64, r-oldrel-macos-x86_64, r-oldrel-windows-x86_64