Last updated on 2025-11-22 09:49:47 CET.
| Flavor | Version | Tinstall | Tcheck | Ttotal | Status | Flags |
|---|---|---|---|---|---|---|
| r-devel-linux-x86_64-debian-clang | 1.0 | 1.64 | 27.50 | 29.14 | NOTE | |
| r-devel-linux-x86_64-debian-gcc | 1.0 | 1.46 | 23.24 | 24.70 | NOTE | |
| r-devel-linux-x86_64-fedora-clang | 1.0 | 45.78 | OK | |||
| r-devel-windows-x86_64 | 1.0 | 5.00 | 45.00 | 50.00 | OK | |
| r-patched-linux-x86_64 | 1.0 | 1.77 | 26.13 | 27.90 | OK | |
| r-release-linux-x86_64 | 1.0 | 1.90 | 25.73 | 27.63 | OK | |
| r-release-macos-arm64 | 1.0 | OK | ||||
| r-release-macos-x86_64 | 1.0 | 2.00 | 56.00 | 58.00 | OK | |
| r-release-windows-x86_64 | 1.0 | 3.00 | 44.00 | 47.00 | OK | |
| r-oldrel-macos-arm64 | 1.0 | NOTE | ||||
| r-oldrel-macos-x86_64 | 1.0 | 2.00 | 33.00 | 35.00 | NOTE | |
| r-oldrel-windows-x86_64 | 1.0 | 3.00 | 50.00 | 53.00 | NOTE |
Version: 1.0
Check: CRAN incoming feasibility
Result: NOTE
Maintainer: ‘Stanley E. Lazic <stan.lazic@cantab.net>’
No Authors@R field in DESCRIPTION.
Please add one, modifying
Authors@R: c(person(given = "Bruno",
family = "Contrino",
role = "aut"),
person(given = c("Stanley", "E."),
family = "Lazic",
role = c("aut", "cre"),
email = "stan.lazic@cantab.net"))
as necessary.
Flavors: r-devel-linux-x86_64-debian-clang, r-devel-linux-x86_64-debian-gcc
Version: 1.0
Check: LazyData
Result: NOTE
'LazyData' is specified without a 'data' directory
Flavors: r-oldrel-macos-arm64, r-oldrel-macos-x86_64, r-oldrel-windows-x86_64