Last updated on 2025-11-24 09:50:26 CET.
| Flavor | Version | Tinstall | Tcheck | Ttotal | Status | Flags |
|---|---|---|---|---|---|---|
| r-devel-linux-x86_64-debian-clang | 1.0-3 | 6.92 | 53.66 | 60.58 | NOTE | |
| r-devel-linux-x86_64-debian-gcc | 1.0-3 | 4.89 | 38.44 | 43.33 | NOTE | |
| r-devel-linux-x86_64-fedora-clang | 1.0-3 | 30.00 | 70.11 | 100.11 | NOTE | |
| r-devel-windows-x86_64 | 1.0-3 | 10.00 | 70.00 | 80.00 | NOTE | |
| r-patched-linux-x86_64 | 1.0-3 | 5.96 | 51.15 | 57.11 | NOTE | |
| r-release-linux-x86_64 | 1.0-3 | 4.20 | 51.04 | 55.24 | NOTE | |
| r-release-macos-arm64 | 1.0-3 | NOTE | ||||
| r-release-macos-x86_64 | 1.0-3 | 6.00 | 49.00 | 55.00 | NOTE | |
| r-release-windows-x86_64 | 1.0-3 | 8.00 | 79.00 | 87.00 | NOTE | |
| r-oldrel-macos-arm64 | 1.0-3 | NOTE | ||||
| r-oldrel-macos-x86_64 | 1.0-3 | 5.00 | 37.00 | 42.00 | NOTE | |
| r-oldrel-windows-x86_64 | 1.0-3 | 10.00 | 86.00 | 96.00 | NOTE |
Version: 1.0-3
Check: Rd files
Result: NOTE
checkRd: (-1) barcoding.spe.identify2.Rd:27: Lost braces; missing escapes or markup?
27 | read.dna() from package {ape} was used to obtain DNAbin object for unaligned non-coding barcodes.
| ^
Flavors: r-devel-linux-x86_64-debian-clang, r-devel-linux-x86_64-debian-gcc, r-devel-linux-x86_64-fedora-clang, r-devel-windows-x86_64, r-patched-linux-x86_64, r-release-linux-x86_64, r-release-macos-arm64, r-release-macos-x86_64, r-release-windows-x86_64, r-oldrel-macos-arm64, r-oldrel-macos-x86_64, r-oldrel-windows-x86_64