Last updated on 2025-10-31 09:50:12 CET.
| Flavor | Version | Tinstall | Tcheck | Ttotal | Status | Flags | 
|---|---|---|---|---|---|---|
| r-devel-linux-x86_64-debian-clang | 0.3.5 | 9.40 | 104.13 | 113.53 | NOTE | |
| r-devel-linux-x86_64-debian-gcc | 0.3.5 | 7.05 | 66.41 | 73.46 | NOTE | |
| r-devel-linux-x86_64-fedora-clang | 0.3.5 | 22.00 | 160.98 | 182.98 | OK | |
| r-devel-linux-x86_64-fedora-gcc | 0.3.5 | 27.00 | 157.16 | 184.16 | OK | |
| r-devel-windows-x86_64 | 0.3.5 | 12.00 | 127.00 | 139.00 | OK | |
| r-patched-linux-x86_64 | 0.3.5 | 10.60 | 101.25 | 111.85 | OK | |
| r-release-linux-x86_64 | 0.3.5 | 8.87 | 97.95 | 106.82 | OK | |
| r-release-macos-arm64 | 0.3.5 | 5.00 | 47.00 | 52.00 | OK | |
| r-release-macos-x86_64 | 0.3.5 | 10.00 | 104.00 | 114.00 | OK | |
| r-release-windows-x86_64 | 0.3.5 | 10.00 | 132.00 | 142.00 | OK | |
| r-oldrel-macos-arm64 | 0.3.5 | 5.00 | 50.00 | 55.00 | OK | |
| r-oldrel-macos-x86_64 | 0.3.5 | 8.00 | 80.00 | 88.00 | OK | |
| r-oldrel-windows-x86_64 | 0.3.5 | 10.00 | 129.00 | 139.00 | OK | 
Version: 0.3.5
Check: CRAN incoming feasibility
Result: NOTE
  Maintainer: ‘Stefan Zeugner <stefan.zeugner@ec.europa.eu>’
  
  No Authors@R field in DESCRIPTION.
  Please add one, modifying
    Authors@R: c(person(given = "Martin",
                        family = "Feldkircher",
                        role = "aut"),
                 person(given = "Stefan",
                        family = "Zeugner",
                        role = c("aut", "cre"),
                        email = "stefan.zeugner@ec.europa.eu"),
                 person(given = "Paul",
                        family = "Hofmarcher",
                        role = "aut"))
  as necessary.
  
  Package CITATION file contains call(s) to old-style personList() or
  as.personList().  Please use c() on person objects instead.
  Package CITATION file contains call(s) to old-style citEntry().  Please
  use bibentry() instead.
Flavors: r-devel-linux-x86_64-debian-clang, r-devel-linux-x86_64-debian-gcc