Last updated on 2025-11-20 11:51:05 CET.
| Flavor | Version | Tinstall | Tcheck | Ttotal | Status | Flags |
|---|---|---|---|---|---|---|
| r-devel-linux-x86_64-debian-clang | 0.3.3 | 11.95 | 115.51 | 127.46 | NOTE | |
| r-devel-linux-x86_64-debian-gcc | 0.3.3 | 9.67 | 84.39 | 94.06 | NOTE | |
| r-devel-linux-x86_64-fedora-clang | 0.3.3 | 77.00 | 141.61 | 218.61 | NOTE | |
| r-devel-linux-x86_64-fedora-gcc | 0.3.3 | 97.00 | 136.49 | 233.49 | NOTE | |
| r-devel-windows-x86_64 | 0.3.3 | 18.00 | 120.00 | 138.00 | NOTE | |
| r-patched-linux-x86_64 | 0.3.3 | 12.63 | 109.57 | 122.20 | NOTE | |
| r-release-linux-x86_64 | 0.3.3 | 14.67 | 109.79 | 124.46 | NOTE | |
| r-release-macos-arm64 | 0.3.3 | NOTE | ||||
| r-release-macos-x86_64 | 0.3.3 | 11.00 | 116.00 | 127.00 | NOTE | |
| r-release-windows-x86_64 | 0.3.3 | 16.00 | 119.00 | 135.00 | NOTE | |
| r-oldrel-macos-arm64 | 0.3.3 | NOTE | ||||
| r-oldrel-macos-x86_64 | 0.3.3 | 10.00 | 80.00 | 90.00 | NOTE | |
| r-oldrel-windows-x86_64 | 0.3.3 | 21.00 | 147.00 | 168.00 | NOTE |
Version: 0.3.3
Check: Rd files
Result: NOTE
checkRd: (-1) posteriorFeasibility.Rd:25: Escaped LaTeX specials: \#
checkRd: (-1) sp500Returns.Rd:4: Escaped LaTeX specials: \&
Flavors: r-devel-linux-x86_64-debian-clang, r-devel-linux-x86_64-debian-gcc, r-devel-linux-x86_64-fedora-clang, r-devel-linux-x86_64-fedora-gcc, r-devel-windows-x86_64, r-patched-linux-x86_64, r-release-linux-x86_64, r-release-macos-arm64, r-release-macos-x86_64, r-release-windows-x86_64, r-oldrel-macos-arm64, r-oldrel-macos-x86_64, r-oldrel-windows-x86_64
Version: 0.3.3
Check: dependencies in R code
Result: NOTE
Namespaces in Imports field not imported from:
‘knitr’ ‘rmarkdown’
All declared Imports should be used.
Flavors: r-devel-linux-x86_64-fedora-clang, r-devel-linux-x86_64-fedora-gcc