Last updated on 2025-11-24 09:50:26 CET.
| Flavor | Version | Tinstall | Tcheck | Ttotal | Status | Flags |
|---|---|---|---|---|---|---|
| r-devel-linux-x86_64-debian-clang | 2.74 | 47.48 | 91.21 | 138.69 | OK | |
| r-devel-linux-x86_64-debian-gcc | 2.74 | 38.63 | 61.78 | 100.41 | OK | |
| r-devel-linux-x86_64-fedora-clang | 2.74 | 97.00 | 127.74 | 224.74 | OK | |
| r-devel-windows-x86_64 | 2.74 | 70.00 | 109.00 | 179.00 | OK | |
| r-patched-linux-x86_64 | 2.74 | 56.91 | 77.70 | 134.61 | OK | |
| r-release-linux-x86_64 | 2.74 | 58.21 | 78.00 | 136.21 | OK | |
| r-release-macos-arm64 | 2.74 | OK | ||||
| r-release-macos-x86_64 | 2.74 | 21.00 | 80.00 | 101.00 | OK | |
| r-release-windows-x86_64 | 2.74 | 61.00 | 108.00 | 169.00 | OK | |
| r-oldrel-macos-arm64 | 2.74 | OK | ||||
| r-oldrel-macos-x86_64 | 2.74 | 19.00 | 92.00 | 111.00 | NOTE | |
| r-oldrel-windows-x86_64 | 2.74 | 76.00 | 126.00 | 202.00 | OK |
Version: 2.74
Check: installed package size
Result: NOTE
installed size is 5.1Mb
sub-directories of 1Mb or more:
libs 3.6Mb
Flavor: r-oldrel-macos-x86_64