Last updated on 2025-10-24 09:49:56 CEST.
| Flavor | Version | Tinstall | Tcheck | Ttotal | Status | Flags |
|---|---|---|---|---|---|---|
| r-devel-linux-x86_64-debian-clang | 1.20 | 16.28 | 137.09 | 153.37 | NOTE | |
| r-devel-linux-x86_64-debian-gcc | 1.20 | 11.47 | 95.68 | 107.15 | NOTE | |
| r-devel-linux-x86_64-fedora-clang | 1.20 | 32.00 | 197.87 | 229.87 | OK | |
| r-devel-linux-x86_64-fedora-gcc | 1.20 | 54.00 | 182.78 | 236.78 | OK | |
| r-devel-windows-x86_64 | 1.20 | 20.00 | 166.00 | 186.00 | OK | |
| r-patched-linux-x86_64 | 1.20 | 15.99 | 130.34 | 146.33 | OK | |
| r-release-linux-x86_64 | 1.20 | 15.77 | 131.43 | 147.20 | OK | |
| r-release-macos-arm64 | 1.20 | 8.00 | 70.00 | 78.00 | OK | |
| r-release-macos-x86_64 | 1.20 | 15.00 | 115.00 | 130.00 | OK | |
| r-release-windows-x86_64 | 1.20 | 26.00 | 171.00 | 197.00 | OK | |
| r-oldrel-macos-arm64 | 1.20 | 10.00 | 66.00 | 76.00 | OK | |
| r-oldrel-macos-x86_64 | 1.20 | 15.00 | 112.00 | 127.00 | OK | |
| r-oldrel-windows-x86_64 | 1.20 | 27.00 | 199.00 | 226.00 | OK |
Version: 1.20
Check: HTML version of manual
Result: NOTE
Found the following HTML validation problems:
optraShapes.html:140:1 (optraShapes.Rd:74): Warning: <h3> anchor "_sec_note" already defined
qtranShapes.html:128:1 (qtranShapes.Rd:68): Warning: <h3> anchor "_sec_note" already defined
Flavor: r-devel-linux-x86_64-debian-clang
Version: 1.20
Check: Rd files
Result: NOTE
checkRd: (-1) Anthropometry-package.Rd:11-19: Only 2 columns allowed in this table (row 1 has 1)
checkRd: (-1) Anthropometry-package.Rd:11-19: Only 2 columns allowed in this table (row 2 has 1)
checkRd: (-1) Anthropometry-package.Rd:11-19: Only 2 columns allowed in this table (row 3 has 1)
checkRd: (-1) Anthropometry-package.Rd:11-19: Only 2 columns allowed in this table (row 4 has 1)
checkRd: (-1) Anthropometry-package.Rd:11-19: Only 2 columns allowed in this table (row 5 has 1)
checkRd: (-1) Anthropometry-package.Rd:11-19: Only 2 columns allowed in this table (row 6 has 1)
checkRd: (-1) Anthropometry-package.Rd:11-19: Only 2 columns allowed in this table (row 7 has 1)
Flavor: r-devel-linux-x86_64-debian-gcc