Last updated on 2025-10-31 09:50:10 CET.
| Flavor | Version | Tinstall | Tcheck | Ttotal | Status | Flags | 
|---|---|---|---|---|---|---|
| r-devel-linux-x86_64-debian-clang | 1.2 | 2.17 | 27.43 | 29.60 | NOTE | |
| r-devel-linux-x86_64-debian-gcc | 1.2 | 1.62 | 21.97 | 23.59 | NOTE | |
| r-devel-linux-x86_64-fedora-clang | 1.2 | 42.17 | NOTE | |||
| r-devel-linux-x86_64-fedora-gcc | 1.2 | 58.53 | NOTE | |||
| r-devel-windows-x86_64 | 1.2 | 3.00 | 68.00 | 71.00 | NOTE | |
| r-patched-linux-x86_64 | 1.2 | 1.66 | 25.53 | 27.19 | NOTE | |
| r-release-linux-x86_64 | 1.2 | 2.15 | 25.62 | 27.77 | NOTE | |
| r-release-macos-arm64 | 1.2 | 1.00 | 28.00 | 29.00 | NOTE | |
| r-release-macos-x86_64 | 1.2 | 3.00 | 56.00 | 59.00 | NOTE | |
| r-release-windows-x86_64 | 1.2 | 3.00 | 66.00 | 69.00 | NOTE | |
| r-oldrel-macos-arm64 | 1.2 | 1.00 | 29.00 | 30.00 | NOTE | |
| r-oldrel-macos-x86_64 | 1.2 | 3.00 | 53.00 | 56.00 | NOTE | |
| r-oldrel-windows-x86_64 | 1.2 | 3.00 | 63.00 | 66.00 | NOTE | 
Version: 1.2
Check: CRAN incoming feasibility
Result: NOTE
  Maintainer: ‘Jan Wolfertz <Jan.wolfertz@uni-duesseldorf.de>’
  
  No Authors@R field in DESCRIPTION.
  Please add one, modifying
    Authors@R: person(given = "Jan",
                      family = "Wolfertz",
                      role = c("aut", "cre"),
                      email = "jan.wolfertz@uni-duesseldorf.de")
  as necessary.
Flavors: r-devel-linux-x86_64-debian-clang, r-devel-linux-x86_64-debian-gcc
Version: 1.2
Check: Rd files
Result: NOTE
  checkRd: (-1) optimalfrequency.Rd:29: Escaped LaTeX specials: \$
  checkRd: (-1) optimalfrequency.Rd:30: Escaped LaTeX specials: \$
  checkRd: (-1) optimalfrequency.Rd:31: Escaped LaTeX specials: \$
Flavors: r-devel-linux-x86_64-debian-clang, r-devel-linux-x86_64-debian-gcc, r-devel-linux-x86_64-fedora-clang, r-devel-linux-x86_64-fedora-gcc, r-devel-windows-x86_64, r-patched-linux-x86_64, r-release-linux-x86_64, r-release-macos-arm64, r-release-macos-x86_64, r-release-windows-x86_64, r-oldrel-macos-arm64, r-oldrel-macos-x86_64, r-oldrel-windows-x86_64