Last updated on 2025-11-24 09:50:25 CET.
| Flavor | Version | Tinstall | Tcheck | Ttotal | Status | Flags |
|---|---|---|---|---|---|---|
| r-devel-linux-x86_64-debian-clang | 2.4.1 | 20.45 | 115.39 | 135.84 | NOTE | |
| r-devel-linux-x86_64-debian-gcc | 2.4.1 | 14.28 | 86.18 | 100.46 | NOTE | |
| r-devel-linux-x86_64-fedora-clang | 2.4.1 | 64.00 | 154.30 | 218.30 | OK | |
| r-devel-windows-x86_64 | 2.4.1 | 23.00 | 100.00 | 123.00 | OK | |
| r-patched-linux-x86_64 | 2.4.1 | 21.91 | 111.64 | 133.55 | OK | |
| r-release-linux-x86_64 | 2.4.1 | 20.98 | 107.92 | 128.90 | OK | |
| r-release-macos-arm64 | 2.4.1 | OK | ||||
| r-release-macos-x86_64 | 2.4.1 | 109.00 | 377.00 | 486.00 | OK | |
| r-release-windows-x86_64 | 2.4.1 | 19.00 | 120.00 | 139.00 | OK | |
| r-oldrel-macos-arm64 | 2.4.1 | OK | ||||
| r-oldrel-macos-x86_64 | 2.4.1 | 17.00 | 78.00 | 95.00 | OK | |
| r-oldrel-windows-x86_64 | 2.4.1 | 24.00 | 127.00 | 151.00 | OK |
Version: 2.4.1
Check: CRAN incoming feasibility
Result: NOTE
Maintainer: ‘Rommy C. Olivari <rco1@de.ufpe.br>’
No Authors@R field in DESCRIPTION.
Please add one, modifying
Authors@R: c(person(given = c("Rommy", "C."),
family = "Olivari",
role = c("aut", "cre"),
email = "rco1@de.ufpe.br"),
person(given = "Kelin",
family = "Zhong",
role = "aut"),
person(given = c("Aldo", "M."),
family = "Garay",
role = "aut"),
person(given = c("Victor", "H."),
family = "Lachos",
role = "aut"))
as necessary.
Flavors: r-devel-linux-x86_64-debian-clang, r-devel-linux-x86_64-debian-gcc