Last updated on 2025-11-22 09:49:46 CET.
| Flavor | Version | Tinstall | Tcheck | Ttotal | Status | Flags |
|---|---|---|---|---|---|---|
| r-devel-linux-x86_64-debian-clang | 0.1.2 | 5.53 | 60.08 | 65.61 | NOTE | |
| r-devel-linux-x86_64-debian-gcc | 0.1.2 | 4.15 | 42.02 | 46.17 | NOTE | |
| r-devel-linux-x86_64-fedora-clang | 0.1.2 | 11.00 | 83.75 | 94.75 | OK | |
| r-devel-windows-x86_64 | 0.1.2 | 8.00 | 71.00 | 79.00 | OK | |
| r-patched-linux-x86_64 | 0.1.2 | 4.49 | 54.98 | 59.47 | OK | |
| r-release-linux-x86_64 | 0.1.2 | 4.86 | 56.18 | 61.04 | OK | |
| r-release-macos-arm64 | 0.1.2 | OK | ||||
| r-release-macos-x86_64 | 0.1.2 | 4.00 | 42.00 | 46.00 | OK | |
| r-release-windows-x86_64 | 0.1.2 | 8.00 | 71.00 | 79.00 | OK | |
| r-oldrel-macos-arm64 | 0.1.2 | OK | ||||
| r-oldrel-macos-x86_64 | 0.1.2 | 4.00 | 36.00 | 40.00 | OK | |
| r-oldrel-windows-x86_64 | 0.1.2 | 9.00 | 85.00 | 94.00 | OK |
Version: 0.1.2
Check: CRAN incoming feasibility
Result: NOTE
Maintainer: ‘Hsiao-Ting Huang <nikkihuang309700034@gmail.com>’
No Authors@R field in DESCRIPTION.
Please add one, modifying
Authors@R: person(given = "Hsiao-Ting",
family = "Huang",
role = c("aut", "cre"),
email = "lchen723@nccu.edu.tw")
as necessary.
Flavors: r-devel-linux-x86_64-debian-clang, r-devel-linux-x86_64-debian-gcc