Last updated on 2025-11-23 12:50:08 CET.
| Flavor | Version | Tinstall | Tcheck | Ttotal | Status | Flags |
|---|---|---|---|---|---|---|
| r-devel-linux-x86_64-debian-clang | 0.2.3 | 10.60 | 96.85 | 107.45 | NOTE | |
| r-devel-linux-x86_64-debian-gcc | 0.2.3 | 7.15 | 65.10 | 72.25 | NOTE | |
| r-devel-linux-x86_64-fedora-clang | 0.2.3 | 23.00 | 133.27 | 156.27 | NOTE | |
| r-devel-linux-x86_64-fedora-gcc | 0.2.3 | 51.00 | 166.43 | 217.43 | NOTE | |
| r-devel-windows-x86_64 | 0.2.3 | 14.00 | 123.00 | 137.00 | NOTE | |
| r-patched-linux-x86_64 | 0.2.3 | 10.73 | 87.56 | 98.29 | NOTE | |
| r-release-linux-x86_64 | 0.2.3 | 10.54 | 89.22 | 99.76 | NOTE | |
| r-release-macos-arm64 | 0.2.3 | NOTE | ||||
| r-release-macos-x86_64 | 0.2.3 | 9.00 | 129.00 | 138.00 | NOTE | |
| r-release-windows-x86_64 | 0.2.3 | 12.00 | 154.00 | 166.00 | NOTE | |
| r-oldrel-macos-arm64 | 0.2.3 | NOTE | ||||
| r-oldrel-macos-x86_64 | 0.2.3 | 7.00 | 83.00 | 90.00 | NOTE | |
| r-oldrel-windows-x86_64 | 0.2.3 | 17.00 | 160.00 | 177.00 | NOTE |
Version: 0.2.3
Check: Rd files
Result: NOTE
checkRd: (-1) update_ztable.Rd:75: Lost braces; missing escapes or markup?
75 | must be NULL or contain only elements of {"h","t","b","p","!","H"}.}
| ^
checkRd: (-1) ztable_sub.Rd:78: Lost braces; missing escapes or markup?
78 | must be NULL or contain only elements of {"h","t","b","p","!","H"}.
| ^
Flavors: r-devel-linux-x86_64-debian-clang, r-devel-linux-x86_64-debian-gcc, r-devel-linux-x86_64-fedora-clang, r-devel-linux-x86_64-fedora-gcc, r-devel-windows-x86_64, r-patched-linux-x86_64, r-release-linux-x86_64, r-release-macos-arm64, r-release-macos-x86_64, r-release-windows-x86_64, r-oldrel-macos-arm64, r-oldrel-macos-x86_64, r-oldrel-windows-x86_64