Last updated on 2025-11-02 11:50:41 CET.
| Flavor | Version | Tinstall | Tcheck | Ttotal | Status | Flags |
|---|---|---|---|---|---|---|
| r-devel-linux-x86_64-debian-clang | 1.4.1 | 13.08 | 49.92 | 63.00 | OK | |
| r-devel-linux-x86_64-debian-gcc | 1.4.1 | 10.17 | 37.35 | 47.52 | OK | |
| r-devel-linux-x86_64-fedora-clang | 1.4.1 | 44.00 | 71.57 | 115.57 | OK | |
| r-devel-linux-x86_64-fedora-gcc | 1.4.1 | 64.00 | 52.63 | 116.63 | OK | |
| r-devel-windows-x86_64 | 1.4.1 | 39.00 | 84.00 | 123.00 | OK | |
| r-patched-linux-x86_64 | 1.4.1 | 11.79 | 47.10 | 58.89 | OK | |
| r-release-linux-x86_64 | 1.4.1 | 10.89 | 47.05 | 57.94 | OK | |
| r-release-macos-arm64 | 1.4.1 | 11.00 | 87.00 | 98.00 | OK | |
| r-release-macos-x86_64 | 1.4.1 | 25.00 | 160.00 | 185.00 | OK | |
| r-release-windows-x86_64 | 1.4.1 | 1.00 | 6.00 | 7.00 | ERROR | |
| r-oldrel-macos-arm64 | 1.4.1 | 11.00 | 87.00 | 98.00 | OK | |
| r-oldrel-macos-x86_64 | 1.4.1 | 35.00 | 208.00 | 243.00 | OK | |
| r-oldrel-windows-x86_64 | 1.4.1 | 39.00 | 83.00 | 122.00 | OK |
Version: 1.4.1
Check: whether package can be installed
Result: ERROR
Installation failed.
Flavor: r-release-windows-x86_64