Last updated on 2025-10-22 09:50:58 CEST.
Flavor | Version | Tinstall | Tcheck | Ttotal | Status | Flags |
---|---|---|---|---|---|---|
r-devel-linux-x86_64-debian-clang | 0.0.4 | 9.09 | 84.18 | 93.27 | NOTE | |
r-devel-linux-x86_64-debian-gcc | 0.0.4 | 6.84 | 58.50 | 65.34 | NOTE | |
r-devel-linux-x86_64-fedora-clang | 0.0.4 | 53.00 | 89.39 | 142.39 | OK | |
r-devel-linux-x86_64-fedora-gcc | 0.0.4 | 19.00 | 109.07 | 128.07 | OK | |
r-devel-windows-x86_64 | 0.0.4 | 11.00 | 106.00 | 117.00 | OK | |
r-patched-linux-x86_64 | 0.0.4 | 8.01 | 75.85 | 83.86 | OK | |
r-release-linux-x86_64 | 0.0.4 | 9.06 | 75.71 | 84.77 | OK | |
r-release-macos-arm64 | 0.0.4 | 4.00 | 38.00 | 42.00 | OK | |
r-release-macos-x86_64 | 0.0.4 | 8.00 | 68.00 | 76.00 | OK | |
r-release-windows-x86_64 | 0.0.4 | 13.00 | 103.00 | 116.00 | OK | |
r-oldrel-macos-arm64 | 0.0.4 | 4.00 | 36.00 | 40.00 | OK | |
r-oldrel-macos-x86_64 | 0.0.4 | 6.00 | 53.00 | 59.00 | OK | |
r-oldrel-windows-x86_64 | 0.0.4 | 14.00 | 126.00 | 140.00 | OK |
Version: 0.0.4
Check: HTML version of manual
Result: NOTE
Found the following HTML validation problems:
x3p_snapshot.html:47:1 (x3p_snapshot.Rd:11): Warning: missing </ul> before </div>
Flavors: r-devel-linux-x86_64-debian-clang, r-devel-linux-x86_64-debian-gcc