Last updated on 2025-10-31 09:50:34 CET.
| Flavor | Version | Tinstall | Tcheck | Ttotal | Status | Flags | 
|---|---|---|---|---|---|---|
| r-devel-linux-x86_64-debian-clang | 1.1.19 | 7.60 | 132.67 | 140.27 | NOTE | |
| r-devel-linux-x86_64-debian-gcc | 1.1.19 | 5.30 | 86.04 | 91.34 | NOTE | |
| r-devel-linux-x86_64-fedora-clang | 1.1.19 | 14.00 | 192.61 | 206.61 | NOTE | |
| r-devel-linux-x86_64-fedora-gcc | 1.1.19 | 15.00 | 182.95 | 197.95 | NOTE | |
| r-devel-windows-x86_64 | 1.1.19 | 9.00 | 148.00 | 157.00 | NOTE | |
| r-patched-linux-x86_64 | 1.1.19 | 7.12 | 115.58 | 122.70 | NOTE | |
| r-release-linux-x86_64 | 1.1.19 | 6.62 | 114.03 | 120.65 | NOTE | |
| r-release-macos-arm64 | 1.1.19 | 3.00 | 69.00 | 72.00 | NOTE | |
| r-release-macos-x86_64 | 1.1.19 | 6.00 | 151.00 | 157.00 | NOTE | |
| r-release-windows-x86_64 | 1.1.19 | 9.00 | 149.00 | 158.00 | NOTE | |
| r-oldrel-macos-arm64 | 1.1.19 | 3.00 | 64.00 | 67.00 | NOTE | |
| r-oldrel-macos-x86_64 | 1.1.19 | 5.00 | 98.00 | 103.00 | NOTE | |
| r-oldrel-windows-x86_64 | 1.1.19 | 13.00 | 188.00 | 201.00 | NOTE | 
Version: 1.1.19
Check: CRAN incoming feasibility
Result: NOTE
  Maintainer: ‘Fabien Gelineau <neonira@gmail.com>’
  
  No Authors@R field in DESCRIPTION.
  Please add one, modifying
    Authors@R: person(given = "Fabien",
                      family = "Gelineau",
                      role = c("aut", "cre"),
                      email = "neonira@gmail.com")
  as necessary.
Flavors: r-devel-linux-x86_64-debian-clang, r-devel-linux-x86_64-debian-gcc
Version: 1.1.19
Check: Rd files
Result: NOTE
  checkRd: (-1) completeManualPage.Rd:12: Lost braces
      12 | See \emph{\bold{code{\link{ProcessingContext}}}}. Only
         |                     ^
  checkRd: (-1) produceAllManualPagesFromObject.Rd:14: Lost braces
      14 | See \emph{\bold{\\code{\link{ProcessingContext}}}}.}
         |                       ^
Flavors: r-devel-linux-x86_64-debian-clang, r-devel-linux-x86_64-debian-gcc, r-devel-linux-x86_64-fedora-clang, r-devel-linux-x86_64-fedora-gcc, r-devel-windows-x86_64, r-patched-linux-x86_64, r-release-linux-x86_64, r-release-macos-arm64, r-release-macos-x86_64, r-release-windows-x86_64, r-oldrel-macos-arm64, r-oldrel-macos-x86_64, r-oldrel-windows-x86_64