Last updated on 2025-11-20 11:51:28 CET.
| Flavor | Version | Tinstall | Tcheck | Ttotal | Status | Flags |
|---|---|---|---|---|---|---|
| r-devel-linux-x86_64-debian-clang | 0.1.2 | 15.99 | 39.48 | 55.47 | OK | |
| r-devel-linux-x86_64-debian-gcc | 0.1.2 | 12.30 | 32.32 | 44.62 | OK | |
| r-devel-linux-x86_64-fedora-clang | 0.1.2 | 38.00 | 46.14 | 84.14 | OK | |
| r-devel-linux-x86_64-fedora-gcc | 0.1.2 | 36.00 | 57.96 | 93.96 | OK | |
| r-devel-windows-x86_64 | 0.1.2 | 305.00 | 60.00 | 365.00 | OK | |
| r-patched-linux-x86_64 | 0.1.2 | 12.85 | 37.80 | 50.65 | OK | |
| r-release-linux-x86_64 | 0.1.2 | 13.03 | 37.84 | 50.87 | OK | |
| r-release-macos-arm64 | 0.1.2 | OK | ||||
| r-release-macos-x86_64 | 0.1.2 | 8.00 | 90.00 | 98.00 | OK | |
| r-release-windows-x86_64 | 0.1.2 | 150.00 | 61.00 | 211.00 | OK | |
| r-oldrel-macos-arm64 | 0.1.2 | OK | ||||
| r-oldrel-macos-x86_64 | 0.1.2 | 9.00 | 93.00 | 102.00 | OK | |
| r-oldrel-windows-x86_64 | 0.1.2 | 181.00 | 72.00 | 253.00 | WARN |
Version: 0.1.2
Check: whether package can be installed
Result: WARN
Found the following significant warnings:
stop.c:10:6: warning: function declaration isn't a prototype [-Wstrict-prototypes]
See 'd:/Rcompile/CRANpkg/local/4.4/winch.Rcheck/00install.out' for details.
* used C compiler: 'gcc.exe (GCC) 13.3.0'
Flavor: r-oldrel-windows-x86_64