CRAN Package Check Results for Package vrtest

Last updated on 2025-11-11 11:53:37 CET.

Flavor Version Tinstall Tcheck Ttotal Status Flags
r-devel-linux-x86_64-debian-clang 1.2 3.04 38.30 41.34 NOTE
r-devel-linux-x86_64-debian-gcc 1.2 2.16 26.38 28.54 NOTE
r-devel-linux-x86_64-fedora-clang 1.2 61.77 OK
r-devel-linux-x86_64-fedora-gcc 1.2 58.93 OK
r-devel-windows-x86_64 1.2 4.00 53.00 57.00 OK
r-patched-linux-x86_64 1.2 3.46 36.46 39.92 OK
r-release-linux-x86_64 1.2 2.95 35.25 38.20 OK
r-release-macos-arm64 1.2 2.00 18.00 20.00 OK
r-release-macos-x86_64 1.2 4.00 41.00 45.00 OK
r-release-windows-x86_64 1.2 3.00 54.00 57.00 OK
r-oldrel-macos-arm64 1.2 1.00 18.00 19.00 OK
r-oldrel-macos-x86_64 1.2 3.00 34.00 37.00 OK
r-oldrel-windows-x86_64 1.2 4.00 54.00 58.00 OK

Check Details

Version: 1.2
Check: CRAN incoming feasibility
Result: NOTE Maintainer: ‘Jae H. Kim <jaekim8080@gmail.com>’ No Authors@R field in DESCRIPTION. Please add one, modifying Authors@R: person(given = c("Jae", "H."), family = "Kim", role = c("aut", "cre"), email = "jaekim8080@gmail.com") as necessary. Flavors: r-devel-linux-x86_64-debian-clang, r-devel-linux-x86_64-debian-gcc