Last updated on 2025-11-25 11:52:09 CET.
| Flavor | Version | Tinstall | Tcheck | Ttotal | Status | Flags |
|---|---|---|---|---|---|---|
| r-devel-linux-x86_64-debian-clang | 0.4.1 | 16.67 | 102.07 | 118.74 | NOTE | |
| r-devel-linux-x86_64-debian-gcc | 0.4.1 | 10.78 | 71.53 | 82.31 | NOTE | |
| r-devel-linux-x86_64-fedora-clang | 0.4.1 | 36.00 | 145.60 | 181.60 | NOTE | |
| r-devel-linux-x86_64-fedora-gcc | 0.4.1 | 36.00 | 132.69 | 168.69 | NOTE | |
| r-devel-windows-x86_64 | 0.4.1 | 21.00 | 100.00 | 121.00 | NOTE | |
| r-patched-linux-x86_64 | 0.4.1 | 15.85 | 91.65 | 107.50 | NOTE | |
| r-release-linux-x86_64 | 0.4.1 | 15.60 | 90.74 | 106.34 | NOTE | |
| r-release-macos-arm64 | 0.4.1 | NOTE | ||||
| r-release-macos-x86_64 | 0.4.1 | 12.00 | 63.00 | 75.00 | NOTE | |
| r-release-windows-x86_64 | 0.4.1 | 19.00 | 114.00 | 133.00 | NOTE | |
| r-oldrel-macos-arm64 | 0.4.1 | OK | ||||
| r-oldrel-macos-x86_64 | 0.4.1 | 9.00 | 53.00 | 62.00 | OK | |
| r-oldrel-windows-x86_64 | 0.4.1 | 24.00 | 125.00 | 149.00 | OK |
Version: 0.4.1
Check: DESCRIPTION meta-information
Result: NOTE
Missing dependency on R >= 4.1.0 because package code uses the pipe
|> or function shorthand \(...) syntax added in R 4.1.0.
File(s) using such syntax:
‘functions_upload.R’ ‘mod_hidecan.R’
Flavors: r-devel-linux-x86_64-debian-clang, r-devel-linux-x86_64-debian-gcc, r-devel-linux-x86_64-fedora-clang, r-devel-linux-x86_64-fedora-gcc, r-devel-windows-x86_64, r-patched-linux-x86_64, r-release-linux-x86_64, r-release-macos-arm64, r-release-macos-x86_64, r-release-windows-x86_64