Last updated on 2025-11-15 11:51:01 CET.
| Flavor | Version | Tinstall | Tcheck | Ttotal | Status | Flags |
|---|---|---|---|---|---|---|
| r-devel-linux-x86_64-debian-clang | 1.0.0 | 7.31 | 74.08 | 81.39 | OK | |
| r-devel-linux-x86_64-debian-gcc | 1.0.0 | 5.63 | 57.89 | 63.52 | OK | |
| r-devel-linux-x86_64-fedora-clang | 1.0.0 | 16.00 | 109.64 | 125.64 | NOTE | |
| r-devel-linux-x86_64-fedora-gcc | 1.0.0 | 16.00 | 119.30 | 135.30 | NOTE | |
| r-devel-windows-x86_64 | 1.0.0 | 12.00 | 83.00 | 95.00 | OK | |
| r-patched-linux-x86_64 | 1.0.0 | 6.92 | 71.40 | 78.32 | OK | |
| r-release-linux-x86_64 | 1.0.0 | 7.11 | 72.36 | 79.47 | OK | |
| r-release-macos-arm64 | 1.0.0 | 4.00 | 52.00 | 56.00 | OK | |
| r-release-macos-x86_64 | 1.0.0 | 7.00 | 79.00 | 86.00 | OK | |
| r-release-windows-x86_64 | 1.0.0 | 9.00 | 82.00 | 91.00 | OK | |
| r-oldrel-macos-arm64 | 1.0.0 | 4.00 | 39.00 | 43.00 | OK | |
| r-oldrel-macos-x86_64 | 1.0.0 | 5.00 | 60.00 | 65.00 | OK | |
| r-oldrel-windows-x86_64 | 1.0.0 | 11.00 | 102.00 | 113.00 | OK |
Version: 1.0.0
Check: dependencies in R code
Result: NOTE
Namespace in Imports field not imported from: ‘Rcpp’
All declared Imports should be used.
Flavors: r-devel-linux-x86_64-fedora-clang, r-devel-linux-x86_64-fedora-gcc