CRAN Package Check Results for Package tsPI

Last updated on 2025-11-27 11:50:20 CET.

Flavor Version Tinstall Tcheck Ttotal Status Flags
r-devel-linux-x86_64-debian-clang 1.0.4 4.35 34.86 39.21 NOTE
r-devel-linux-x86_64-debian-gcc 1.0.4 2.73 25.66 28.39 NOTE
r-devel-linux-x86_64-fedora-clang 1.0.4 59.26 OK
r-devel-linux-x86_64-fedora-gcc 1.0.4 56.59 OK
r-devel-windows-x86_64 1.0.4 9.00 60.00 69.00 OK
r-patched-linux-x86_64 1.0.4 3.34 32.32 35.66 OK
r-release-linux-x86_64 1.0.4 3.32 32.33 35.65 OK
r-release-macos-arm64 1.0.4 OK
r-release-macos-x86_64 1.0.4 5.00 36.00 41.00 OK
r-release-windows-x86_64 1.0.4 8.00 64.00 72.00 OK
r-oldrel-macos-arm64 1.0.4 OK
r-oldrel-macos-x86_64 1.0.4 4.00 28.00 32.00 OK
r-oldrel-windows-x86_64 1.0.4 8.00 68.00 76.00 OK

Check Details

Version: 1.0.4
Check: CRAN incoming feasibility
Result: NOTE Maintainer: ‘Jouni Helske <jouni.helske@iki.fi>’ No Authors@R field in DESCRIPTION. Please add one, modifying Authors@R: person(given = "Jouni", family = "Helske", role = c("aut", "cre"), email = "jouni.helske@iki.fi") as necessary. Flavors: r-devel-linux-x86_64-debian-clang, r-devel-linux-x86_64-debian-gcc