CRAN Package Check Results for Package tree3d

Last updated on 2025-10-05 09:49:37 CEST.

Flavor Version Tinstall Tcheck Ttotal Status Flags
r-devel-linux-x86_64-debian-clang 0.1.2 3.15 22.05 25.20 NOTE
r-devel-linux-x86_64-debian-gcc 0.1.2 2.79 18.05 20.84 NOTE
r-devel-linux-x86_64-fedora-clang 0.1.2 39.10 NOTE
r-devel-linux-x86_64-fedora-gcc 0.1.2 39.04 NOTE
r-devel-windows-x86_64 0.1.2 7.00 45.00 52.00 NOTE
r-patched-linux-x86_64 0.1.2 2.55 21.15 23.70 NOTE
r-release-linux-x86_64 0.1.2 3.25 21.20 24.45 NOTE
r-release-macos-arm64 0.1.2 19.00 NOTE
r-release-macos-x86_64 0.1.2 32.00 NOTE
r-release-windows-x86_64 0.1.2 7.00 44.00 51.00 NOTE
r-oldrel-macos-arm64 0.1.2 19.00 OK
r-oldrel-macos-x86_64 0.1.2 23.00 OK
r-oldrel-windows-x86_64 0.1.2 9.00 51.00 60.00 OK

Check Details

Version: 0.1.2
Check: DESCRIPTION meta-information
Result: NOTE Missing dependency on R >= 4.1.0 because package code uses the pipe |> or function shorthand \(...) syntax added in R 4.1.0. File(s) using such syntax: ‘tree_mesh.R’ ‘tree_mesh.Rd’ ‘zzz.R’ Flavors: r-devel-linux-x86_64-debian-clang, r-devel-linux-x86_64-debian-gcc, r-devel-linux-x86_64-fedora-clang, r-devel-linux-x86_64-fedora-gcc, r-devel-windows-x86_64, r-patched-linux-x86_64, r-release-linux-x86_64, r-release-macos-arm64, r-release-macos-x86_64, r-release-windows-x86_64