Last updated on 2025-11-25 11:52:08 CET.
| Flavor | Version | Tinstall | Tcheck | Ttotal | Status | Flags |
|---|---|---|---|---|---|---|
| r-devel-linux-x86_64-debian-clang | 0.1 | 0.32 | 2.20 | 2.52 | ERROR | |
| r-devel-linux-x86_64-debian-gcc | 0.1 | 0.27 | 2.02 | 2.29 | ERROR | |
| r-devel-linux-x86_64-fedora-clang | 0.1 | 2.57 | ERROR | |||
| r-devel-linux-x86_64-fedora-gcc | 0.1 | 2.60 | ERROR | |||
| r-devel-windows-x86_64 | 0.1 | 55.00 | 229.00 | 284.00 | OK | |
| r-patched-linux-x86_64 | 0.1 | 32.02 | 272.69 | 304.71 | OK | |
| r-release-linux-x86_64 | 0.1 | 26.58 | 273.81 | 300.39 | OK | |
| r-release-macos-arm64 | 0.1 | OK | ||||
| r-release-macos-x86_64 | 0.1 | 27.00 | 222.00 | 249.00 | OK | |
| r-release-windows-x86_64 | 0.1 | 31.00 | 244.00 | 275.00 | OK | |
| r-oldrel-macos-arm64 | 0.1 | OK | ||||
| r-oldrel-macos-x86_64 | 0.1 | 32.00 | 200.00 | 232.00 | OK | |
| r-oldrel-windows-x86_64 | 0.1 | 45.00 | 317.00 | 362.00 | OK |
Version: 0.1
Check: package dependencies
Result: ERROR
Package required but not available: ‘tmap’
See section ‘The DESCRIPTION file’ in the ‘Writing R Extensions’
manual.
Flavors: r-devel-linux-x86_64-debian-clang, r-devel-linux-x86_64-debian-gcc, r-devel-linux-x86_64-fedora-clang, r-devel-linux-x86_64-fedora-gcc