Last updated on 2025-11-18 09:48:50 CET.
| Flavor | Version | Tinstall | Tcheck | Ttotal | Status | Flags |
|---|---|---|---|---|---|---|
| r-devel-linux-x86_64-debian-clang | 1.7.0 | 28.07 | 206.26 | 234.33 | NOTE | |
| r-devel-linux-x86_64-debian-gcc | 1.7.0 | 19.58 | 151.94 | 171.52 | NOTE | |
| r-devel-linux-x86_64-fedora-clang | 1.7.0 | 61.00 | 320.12 | 381.12 | NOTE | |
| r-devel-linux-x86_64-fedora-gcc | 1.7.0 | 58.00 | 309.32 | 367.32 | NOTE | |
| r-devel-windows-x86_64 | 1.7.0 | 28.00 | 209.00 | 237.00 | NOTE | |
| r-patched-linux-x86_64 | 1.7.0 | 27.55 | 201.74 | 229.29 | OK | |
| r-release-linux-x86_64 | 1.7.0 | 24.08 | 201.57 | 225.65 | OK | |
| r-release-macos-arm64 | 1.7.0 | 10.00 | 85.00 | 95.00 | OK | |
| r-release-macos-x86_64 | 1.7.0 | 22.00 | 125.00 | 147.00 | OK | |
| r-release-windows-x86_64 | 1.7.0 | 25.00 | 210.00 | 235.00 | OK | |
| r-oldrel-macos-arm64 | 1.7.0 | 10.00 | 93.00 | 103.00 | OK | |
| r-oldrel-macos-x86_64 | 1.7.0 | 14.00 | 125.00 | 139.00 | OK | |
| r-oldrel-windows-x86_64 | 1.7.0 | 38.00 | 270.00 | 308.00 | OK |
Version: 1.7.0
Check: Rd files
Result: NOTE
checkRd: (-1) textTrainNPlot.Rd:93: height/width attributes should be in pixels
Flavors: r-devel-linux-x86_64-debian-clang, r-devel-linux-x86_64-debian-gcc, r-devel-linux-x86_64-fedora-clang, r-devel-linux-x86_64-fedora-gcc, r-devel-windows-x86_64