CRAN Package Check Results for Package testtwice

Last updated on 2025-11-15 11:51:00 CET.

Flavor Version Tinstall Tcheck Ttotal Status Flags
r-devel-linux-x86_64-debian-clang 1.0.3 1.72 22.34 24.06 NOTE
r-devel-linux-x86_64-debian-gcc 1.0.3 1.54 18.34 19.88 NOTE
r-devel-linux-x86_64-fedora-clang 1.0.3 35.18 OK
r-devel-linux-x86_64-fedora-gcc 1.0.3 33.03 OK
r-devel-windows-x86_64 1.0.3 5.00 45.00 50.00 OK
r-patched-linux-x86_64 1.0.3 2.11 21.32 23.43 OK
r-release-linux-x86_64 1.0.3 1.77 21.23 23.00 OK
r-release-macos-arm64 1.0.3 1.00 16.00 17.00 OK
r-release-macos-x86_64 1.0.3 2.00 24.00 26.00 OK
r-release-windows-x86_64 1.0.3 3.00 46.00 49.00 OK
r-oldrel-macos-arm64 1.0.3 1.00 15.00 16.00 OK
r-oldrel-macos-x86_64 1.0.3 2.00 21.00 23.00 OK
r-oldrel-windows-x86_64 1.0.3 3.00 51.00 54.00 OK

Check Details

Version: 1.0.3
Check: CRAN incoming feasibility
Result: NOTE Maintainer: ‘Paul R. Rosenbaum <rosenbaum@wharton.upenn.edu>’ No Authors@R field in DESCRIPTION. Please add one, modifying Authors@R: person(given = c("Paul", "R."), family = "Rosenbaum", role = c("aut", "cre"), email = "rosenbaum@wharton.upenn.edu") as necessary. Flavors: r-devel-linux-x86_64-debian-clang, r-devel-linux-x86_64-debian-gcc