Last updated on 2025-10-15 09:53:07 CEST.
Flavor | Version | Tinstall | Tcheck | Ttotal | Status | Flags |
---|---|---|---|---|---|---|
r-devel-linux-x86_64-debian-clang | 0.1.6 | 13.67 | 126.23 | 139.90 | OK | |
r-devel-linux-x86_64-debian-gcc | 0.1.6 | 9.18 | 98.51 | 107.69 | OK | |
r-devel-linux-x86_64-fedora-clang | 0.1.6 | 236.72 | OK | |||
r-devel-linux-x86_64-fedora-gcc | 0.1.6 | 241.90 | ERROR | |||
r-devel-windows-x86_64 | 0.1.6 | 15.00 | 379.00 | 394.00 | OK | |
r-patched-linux-x86_64 | 0.1.6 | 13.64 | 135.30 | 148.94 | OK | |
r-release-linux-x86_64 | 0.1.6 | 13.18 | 135.55 | 148.73 | OK | |
r-release-macos-arm64 | 0.1.6 | 54.00 | OK | |||
r-release-macos-x86_64 | 0.1.6 | 85.00 | OK | |||
r-release-windows-x86_64 | 0.1.6 | 15.00 | 136.00 | 151.00 | OK | |
r-oldrel-macos-arm64 | 0.1.6 | 80.00 | OK | |||
r-oldrel-macos-x86_64 | 0.1.6 | 105.00 | OK | |||
r-oldrel-windows-x86_64 | 0.1.6 | 21.00 | 183.00 | 204.00 | OK |
Version: 0.1.6
Check: re-building of vignette outputs
Result: ERROR
Error(s) in re-building vignettes:
--- re-building ‘tern-rbmi.Rmd’ using rmarkdown
Quitting from tern-rbmi.Rmd:163-172 [unnamed-chunk-7]
~~~~~~~~~~~~~~~~~~~~~~~~~~~~~~~~~~~~~~~~~~~~~~~~~~~~~~~~~~~~~~~~~~~~~~~~~~~~~~~~
<error/rlang_error>
Error in `fit_mcmc()`:
! unable to load shared object '/tmp/Rtmpuc6tNh/working_dir/Rtmpupmnb1/file36b740342ac16.so':
libunwind.so.1: cannot open shared object file: No such file or directory
---
Backtrace:
▆
1. ├─rbmi::draws(...)
2. └─rbmi:::draws.bayes(...)
3. └─rbmi:::fit_mcmc(...)
~~~~~~~~~~~~~~~~~~~~~~~~~~~~~~~~~~~~~~~~~~~~~~~~~~~~~~~~~~~~~~~~~~~~~~~~~~~~~~~~
Error: processing vignette 'tern-rbmi.Rmd' failed with diagnostics:
unable to load shared object '/tmp/Rtmpuc6tNh/working_dir/Rtmpupmnb1/file36b740342ac16.so':
libunwind.so.1: cannot open shared object file: No such file or directory
--- failed re-building ‘tern-rbmi.Rmd’
SUMMARY: processing the following file failed:
‘tern-rbmi.Rmd’
Error: Vignette re-building failed.
Execution halted
Flavor: r-devel-linux-x86_64-fedora-gcc