Last updated on 2025-11-19 10:49:02 CET.
| Flavor | Version | Tinstall | Tcheck | Ttotal | Status | Flags |
|---|---|---|---|---|---|---|
| r-devel-linux-x86_64-debian-clang | 0.9.9 | 32.09 | 659.63 | 691.72 | OK | |
| r-devel-linux-x86_64-debian-gcc | 0.9.9 | 20.92 | 432.53 | 453.45 | OK | |
| r-devel-linux-x86_64-fedora-clang | 0.9.9 | 118.00 | 1001.86 | 1119.86 | OK | |
| r-devel-linux-x86_64-fedora-gcc | 0.9.9 | 173.00 | 910.89 | 1083.89 | OK | |
| r-devel-windows-x86_64 | 0.9.9 | 36.00 | 575.00 | 611.00 | OK | |
| r-patched-linux-x86_64 | 0.9.9 | 37.56 | 584.88 | 622.44 | OK | |
| r-release-linux-x86_64 | 0.9.9 | 29.19 | 613.64 | 642.83 | OK | |
| r-release-macos-arm64 | 0.9.9 | 12.00 | 164.00 | 176.00 | OK | |
| r-release-macos-x86_64 | 0.9.9 | 23.00 | 253.00 | 276.00 | OK | |
| r-release-windows-x86_64 | 0.9.9 | 35.00 | 573.00 | 608.00 | OK | |
| r-oldrel-macos-arm64 | 0.9.9 | 13.00 | 175.00 | 188.00 | NOTE | |
| r-oldrel-macos-x86_64 | 0.9.9 | 26.00 | 269.00 | 295.00 | NOTE | |
| r-oldrel-windows-x86_64 | 0.9.9 | 46.00 | 764.00 | 810.00 | NOTE |
Version: 0.9.9
Check: installed package size
Result: NOTE
installed size is 9.2Mb
sub-directories of 1Mb or more:
doc 5.3Mb
help 2.7Mb
Flavors: r-oldrel-macos-arm64, r-oldrel-macos-x86_64, r-oldrel-windows-x86_64