Last updated on 2025-10-23 10:48:57 CEST.
| Flavor | Version | Tinstall | Tcheck | Ttotal | Status | Flags |
|---|---|---|---|---|---|---|
| r-devel-linux-x86_64-debian-clang | 0.1.6 | 2.99 | 28.71 | 31.70 | NOTE | |
| r-devel-linux-x86_64-debian-gcc | 0.1.6 | 1.98 | 22.11 | 24.09 | NOTE | |
| r-devel-linux-x86_64-fedora-clang | 0.1.6 | 14.00 | 34.07 | 48.07 | NOTE | |
| r-devel-linux-x86_64-fedora-gcc | 0.1.6 | 42.38 | NOTE | |||
| r-devel-windows-x86_64 | 0.1.6 | 4.00 | 49.00 | 53.00 | NOTE | |
| r-patched-linux-x86_64 | 0.1.6 | 3.35 | 26.08 | 29.43 | NOTE | |
| r-release-linux-x86_64 | 0.1.6 | 2.98 | 26.39 | 29.37 | NOTE | |
| r-release-macos-arm64 | 0.1.6 | 1.00 | 16.00 | 17.00 | NOTE | |
| r-release-macos-x86_64 | 0.1.6 | 2.00 | 34.00 | 36.00 | NOTE | |
| r-release-windows-x86_64 | 0.1.6 | 5.00 | 50.00 | 55.00 | NOTE | |
| r-oldrel-macos-arm64 | 0.1.6 | 1.00 | 17.00 | 18.00 | OK | |
| r-oldrel-macos-x86_64 | 0.1.6 | 2.00 | 24.00 | 26.00 | OK | |
| r-oldrel-windows-x86_64 | 0.1.6 | 5.00 | 55.00 | 60.00 | OK |
Version: 0.1.6
Check: DESCRIPTION meta-information
Result: NOTE
Missing dependency on R >= 4.1.0 because package code uses the pipe
|> or function shorthand \(...) syntax added in R 4.1.0.
File(s) using such syntax:
‘suso_gql_helpers.R’ ‘suso_gql_uploadMap.R’
Flavors: r-devel-linux-x86_64-debian-clang, r-devel-linux-x86_64-debian-gcc, r-devel-linux-x86_64-fedora-clang, r-devel-linux-x86_64-fedora-gcc, r-devel-windows-x86_64, r-patched-linux-x86_64, r-release-linux-x86_64, r-release-macos-arm64, r-release-macos-x86_64, r-release-windows-x86_64
Version: 0.1.6
Check: dependencies in R code
Result: NOTE
Namespaces in Imports field not imported from:
‘jsonlite’ ‘readr’ ‘stringr’
All declared Imports should be used.
Flavors: r-devel-linux-x86_64-fedora-clang, r-devel-linux-x86_64-fedora-gcc