Last updated on 2025-11-21 09:49:19 CET.
| Flavor | Version | Tinstall | Tcheck | Ttotal | Status | Flags |
|---|---|---|---|---|---|---|
| r-devel-linux-x86_64-debian-clang | 1.1.0 | 13.96 | 39.37 | 53.33 | NOTE | |
| r-devel-linux-x86_64-debian-gcc | 1.1.0 | 11.36 | 27.99 | 39.35 | NOTE | |
| r-devel-linux-x86_64-fedora-clang | 1.1.0 | 36.00 | 50.04 | 86.04 | OK | |
| r-devel-linux-x86_64-fedora-gcc | 1.1.0 | 38.00 | 44.74 | 82.74 | OK | |
| r-devel-windows-x86_64 | 1.1.0 | 22.00 | 75.00 | 97.00 | OK | |
| r-patched-linux-x86_64 | 1.1.0 | 16.59 | 35.84 | 52.43 | OK | |
| r-release-linux-x86_64 | 1.1.0 | 15.32 | 36.09 | 51.41 | OK | |
| r-release-macos-arm64 | 1.1.0 | OK | ||||
| r-release-macos-x86_64 | 1.1.0 | 17.00 | 39.00 | 56.00 | OK | |
| r-release-windows-x86_64 | 1.1.0 | 18.00 | 70.00 | 88.00 | OK | |
| r-oldrel-macos-arm64 | 1.1.0 | OK | ||||
| r-oldrel-macos-x86_64 | 1.1.0 | 11.00 | 30.00 | 41.00 | OK | |
| r-oldrel-windows-x86_64 | 1.1.0 | 23.00 | 88.00 | 111.00 | OK |
Version: 1.1.0
Check: CRAN incoming feasibility
Result: NOTE
Maintainer: ‘Anna Vesely <anna.vesely@phd.unipd.it>’
No Authors@R field in DESCRIPTION.
Please add one, modifying
Authors@R: person(given = "Anna",
family = "Vesely",
role = c("aut", "cre"),
email = "anna.vesely@phd.unipd.it")
as necessary.
The Description field contains
may be found in Vesely, Finos, and Goeman (2020) <arXiv:2102.11759>.
Please refer to arXiv e-prints via their arXiv DOI <doi:10.48550/arXiv.YYMM.NNNNN>.
Flavors: r-devel-linux-x86_64-debian-clang, r-devel-linux-x86_64-debian-gcc