CRAN Package Check Results for Package streamR

Last updated on 2025-11-21 09:49:18 CET.

Flavor Version Tinstall Tcheck Ttotal Status Flags
r-devel-linux-x86_64-debian-clang 0.4.5 3.36 33.80 37.16 NOTE
r-devel-linux-x86_64-debian-gcc 0.4.5 2.69 26.32 29.01 NOTE
r-devel-linux-x86_64-fedora-clang 0.4.5 54.82 OK
r-devel-linux-x86_64-fedora-gcc 0.4.5 50.64 OK
r-devel-windows-x86_64 0.4.5 6.00 55.00 61.00 OK
r-patched-linux-x86_64 0.4.5 3.45 31.93 35.38 OK
r-release-linux-x86_64 0.4.5 2.76 32.10 34.86 OK
r-release-macos-arm64 0.4.5 OK
r-release-macos-x86_64 0.4.5 3.00 30.00 33.00 OK
r-release-windows-x86_64 0.4.5 5.00 53.00 58.00 OK
r-oldrel-macos-arm64 0.4.5 OK
r-oldrel-macos-x86_64 0.4.5 3.00 28.00 31.00 OK
r-oldrel-windows-x86_64 0.4.5 7.00 66.00 73.00 OK

Check Details

Version: 0.4.5
Check: CRAN incoming feasibility
Result: NOTE Maintainer: ‘Pablo Barbera <pablo.barbera@nyu.edu>’ No Authors@R field in DESCRIPTION. Please add one, modifying Authors@R: person(given = "Pablo", family = "Barbera", role = c("aut", "cre"), email = "pablo.barbera@nyu.edu") as necessary. Flavors: r-devel-linux-x86_64-debian-clang, r-devel-linux-x86_64-debian-gcc