Last updated on 2025-10-24 09:50:20 CEST.
| Flavor | Version | Tinstall | Tcheck | Ttotal | Status | Flags |
|---|---|---|---|---|---|---|
| r-devel-linux-x86_64-debian-clang | 0.1.1 | 5.60 | 56.94 | 62.54 | NOTE | |
| r-devel-linux-x86_64-debian-gcc | 0.1.1 | 4.11 | 40.52 | 44.63 | NOTE | |
| r-devel-linux-x86_64-fedora-clang | 0.1.1 | 13.00 | 82.71 | 95.71 | NOTE | |
| r-devel-linux-x86_64-fedora-gcc | 0.1.1 | 13.00 | 77.06 | 90.06 | NOTE | |
| r-devel-windows-x86_64 | 0.1.1 | 8.00 | 67.00 | 75.00 | OK | |
| r-patched-linux-x86_64 | 0.1.1 | 5.28 | 52.46 | 57.74 | OK | |
| r-release-linux-x86_64 | 0.1.1 | 4.58 | 53.14 | 57.72 | OK | |
| r-release-macos-arm64 | 0.1.1 | 2.00 | 21.00 | 23.00 | OK | |
| r-release-macos-x86_64 | 0.1.1 | 4.00 | 37.00 | 41.00 | OK | |
| r-release-windows-x86_64 | 0.1.1 | 8.00 | 69.00 | 77.00 | OK | |
| r-oldrel-macos-arm64 | 0.1.1 | 2.00 | 22.00 | 24.00 | OK | |
| r-oldrel-macos-x86_64 | 0.1.1 | 4.00 | 36.00 | 40.00 | OK | |
| r-oldrel-windows-x86_64 | 0.1.1 | 10.00 | 83.00 | 93.00 | OK |
Version: 0.1.1
Check: CRAN incoming feasibility
Result: NOTE
Maintainer: ‘Priyanga Dilini Talagala <pritalagala@gmail.com>’
The Description field contains
<arXiv:1908.04000> for detecting anomalies in high-dimensional data
Please refer to arXiv e-prints via their arXiv DOI <doi:10.48550/arXiv.YYMM.NNNNN>.
Flavors: r-devel-linux-x86_64-debian-clang, r-devel-linux-x86_64-debian-gcc
Version: 0.1.1
Check: dependencies in R code
Result: NOTE
Namespace in Imports field not imported from: ‘ks’
All declared Imports should be used.
Flavors: r-devel-linux-x86_64-fedora-clang, r-devel-linux-x86_64-fedora-gcc