Last updated on 2025-10-24 09:50:19 CEST.
| Flavor | Version | Tinstall | Tcheck | Ttotal | Status | Flags |
|---|---|---|---|---|---|---|
| r-devel-linux-x86_64-debian-clang | 0.5.0 | 2.48 | 26.25 | 28.73 | NOTE | |
| r-devel-linux-x86_64-debian-gcc | 0.5.0 | 1.76 | 19.93 | 21.69 | NOTE | |
| r-devel-linux-x86_64-fedora-clang | 0.5.0 | 41.59 | OK | |||
| r-devel-linux-x86_64-fedora-gcc | 0.5.0 | 39.50 | OK | |||
| r-devel-windows-x86_64 | 0.5.0 | 3.00 | 42.00 | 45.00 | OK | |
| r-patched-linux-x86_64 | 0.5.0 | 2.58 | 24.94 | 27.52 | OK | |
| r-release-linux-x86_64 | 0.5.0 | 2.38 | 24.86 | 27.24 | OK | |
| r-release-macos-arm64 | 0.5.0 | 1.00 | 16.00 | 17.00 | OK | |
| r-release-macos-x86_64 | 0.5.0 | 2.00 | 25.00 | 27.00 | OK | |
| r-release-windows-x86_64 | 0.5.0 | 3.00 | 48.00 | 51.00 | OK | |
| r-oldrel-macos-arm64 | 0.5.0 | 1.00 | 14.00 | 15.00 | OK | |
| r-oldrel-macos-x86_64 | 0.5.0 | 2.00 | 24.00 | 26.00 | OK | |
| r-oldrel-windows-x86_64 | 0.5.0 | 3.00 | 43.00 | 46.00 | OK |
Version: 0.5.0
Check: CRAN incoming feasibility
Result: NOTE
Maintainer: ‘Adrienne M. Wootten <amwootte@ou.edu>’
No Authors@R field in DESCRIPTION.
Please add one, modifying
Authors@R: person(given = c("Adrienne", "M."),
family = "Wootten",
role = c("aut", "cre"),
email = "amwootte@ou.edu",
comment = "University of Oklahoma")
as necessary.
Flavors: r-devel-linux-x86_64-debian-clang, r-devel-linux-x86_64-debian-gcc