Last updated on 2025-10-22 09:50:53 CEST.
Flavor | Version | Tinstall | Tcheck | Ttotal | Status | Flags |
---|---|---|---|---|---|---|
r-devel-linux-x86_64-debian-clang | 1.4.2 | 135.05 | 239.73 | 374.78 | NOTE | |
r-devel-linux-x86_64-debian-gcc | 1.4.2 | 93.04 | 153.62 | 246.66 | NOTE | |
r-devel-linux-x86_64-fedora-clang | 1.4.2 | 1140.00 | -381.59 | 758.41 | OK | |
r-devel-linux-x86_64-fedora-gcc | 1.4.2 | 172.00 | 500.03 | 672.03 | OK | |
r-devel-windows-x86_64 | 1.4.2 | 159.00 | 529.00 | 688.00 | OK | |
r-patched-linux-x86_64 | 1.4.2 | 145.80 | 228.70 | 374.50 | OK | |
r-release-linux-x86_64 | 1.4.2 | 144.78 | 228.25 | 373.03 | OK | |
r-release-macos-arm64 | 1.4.2 | 50.00 | 219.00 | 269.00 | OK | |
r-release-macos-x86_64 | 1.4.2 | 50.00 | 410.00 | 460.00 | OK | |
r-release-windows-x86_64 | 1.4.2 | 158.00 | 520.00 | 678.00 | OK | |
r-oldrel-macos-arm64 | 1.4.2 | 47.00 | 260.00 | 307.00 | NOTE | |
r-oldrel-macos-x86_64 | 1.4.2 | 49.00 | 404.00 | 453.00 | NOTE | |
r-oldrel-windows-x86_64 | 1.4.2 | 185.00 | 617.00 | 802.00 | OK |
Version: 1.4.2
Check: HTML version of manual
Result: NOTE
Found the following HTML validation problems:
utils.html:54:1 (utils.Rd:17): Warning: missing </ul> before </div>
Flavors: r-devel-linux-x86_64-debian-clang, r-devel-linux-x86_64-debian-gcc
Version: 1.4.2
Check: installed package size
Result: NOTE
installed size is 17.4Mb
sub-directories of 1Mb or more:
libs 16.2Mb
Flavors: r-oldrel-macos-arm64, r-oldrel-macos-x86_64