Last updated on 2025-11-20 11:51:25 CET.
| Flavor | Version | Tinstall | Tcheck | Ttotal | Status | Flags |
|---|---|---|---|---|---|---|
| r-devel-linux-x86_64-debian-clang | 3.1-5 | 7.56 | 45.96 | 53.52 | OK | |
| r-devel-linux-x86_64-debian-gcc | 3.1-5 | 5.68 | 33.02 | 38.70 | OK | |
| r-devel-linux-x86_64-fedora-clang | 3.1-5 | 34.00 | 48.66 | 82.66 | OK | |
| r-devel-linux-x86_64-fedora-gcc | 3.1-5 | 46.00 | 35.17 | 81.17 | OK | |
| r-devel-windows-x86_64 | 3.1-4 | 32.00 | 70.00 | 102.00 | OK | |
| r-patched-linux-x86_64 | 3.1-5 | 9.45 | 40.74 | 50.19 | OK | |
| r-release-linux-x86_64 | 3.1-4 | 7.26 | 40.14 | 47.40 | OK | |
| r-release-macos-arm64 | 3.1-4 | 5.00 | 9.00 | 14.00 | OK | |
| r-release-macos-x86_64 | 3.1-5 | 11.00 | 48.00 | 59.00 | OK | |
| r-release-windows-x86_64 | 3.1-4 | 18.00 | 70.00 | 88.00 | OK | |
| r-oldrel-macos-arm64 | 3.1-5 | 0.00 | 10.00 | 10.00 | ERROR | |
| r-oldrel-macos-x86_64 | 3.1-5 | 11.00 | 44.00 | 55.00 | OK | |
| r-oldrel-windows-x86_64 | 3.1-4 | 18.00 | 80.00 | 98.00 | OK |
Version: 3.1-5
Check: whether package can be installed
Result: ERROR
Installation failed.
Flavor: r-oldrel-macos-arm64