Last updated on 2025-11-23 12:50:04 CET.
| Flavor | Version | Tinstall | Tcheck | Ttotal | Status | Flags |
|---|---|---|---|---|---|---|
| r-devel-linux-x86_64-debian-clang | 0.0.1 | 2.35 | 39.89 | 42.24 | NOTE | |
| r-devel-linux-x86_64-debian-gcc | 0.0.1 | 1.64 | 29.02 | 30.66 | NOTE | |
| r-devel-linux-x86_64-fedora-clang | 0.0.1 | 62.94 | OK | |||
| r-devel-linux-x86_64-fedora-gcc | 0.0.1 | 16.00 | 46.36 | 62.36 | OK | |
| r-devel-windows-x86_64 | 0.0.1 | 6.00 | 55.00 | 61.00 | OK | |
| r-patched-linux-x86_64 | 0.0.1 | 2.20 | 36.11 | 38.31 | OK | |
| r-release-linux-x86_64 | 0.0.1 | 2.16 | 36.01 | 38.17 | OK | |
| r-release-macos-arm64 | 0.0.1 | OK | ||||
| r-release-macos-x86_64 | 0.0.1 | 2.00 | 47.00 | 49.00 | OK | |
| r-release-windows-x86_64 | 0.0.1 | 5.00 | 63.00 | 68.00 | OK | |
| r-oldrel-macos-arm64 | 0.0.1 | OK | ||||
| r-oldrel-macos-x86_64 | 0.0.1 | 2.00 | 32.00 | 34.00 | OK | |
| r-oldrel-windows-x86_64 | 0.0.1 | 5.00 | 66.00 | 71.00 | OK |
Version: 0.0.1
Check: CRAN incoming feasibility
Result: NOTE
Maintainer: ‘Alexander Mercier <amercier@g.harvard.edu>’
The Description field contains
(2009)<arXiv:0803.0929>. Koutis I., Levin, A., Peng, R.
(2013)<arXiv:1209.5821>. Toivonen, H., Mahler, S., Zhou, F.
Please refer to arXiv e-prints via their arXiv DOI <doi:10.48550/arXiv.YYMM.NNNNN>.
Flavors: r-devel-linux-x86_64-debian-clang, r-devel-linux-x86_64-debian-gcc