Last updated on 2025-10-24 09:50:18 CEST.
| Flavor | Version | Tinstall | Tcheck | Ttotal | Status | Flags |
|---|---|---|---|---|---|---|
| r-devel-linux-x86_64-debian-clang | 1.4.0 | 1.70 | 28.15 | 29.85 | NOTE | |
| r-devel-linux-x86_64-debian-gcc | 1.4.0 | 1.43 | 22.72 | 24.15 | OK | |
| r-devel-linux-x86_64-fedora-clang | 1.4.0 | 43.88 | OK | |||
| r-devel-linux-x86_64-fedora-gcc | 1.4.0 | 56.44 | OK | |||
| r-devel-windows-x86_64 | 1.4.0 | 3.00 | 46.00 | 49.00 | OK | |
| r-patched-linux-x86_64 | 1.4.0 | 1.78 | 25.56 | 27.34 | OK | |
| r-release-linux-x86_64 | 1.4.0 | 1.55 | 25.79 | 27.34 | OK | |
| r-release-macos-arm64 | 1.4.0 | 1.00 | 22.00 | 23.00 | OK | |
| r-release-macos-x86_64 | 1.4.0 | 2.00 | 38.00 | 40.00 | OK | |
| r-release-windows-x86_64 | 1.4.0 | 3.00 | 48.00 | 51.00 | OK | |
| r-oldrel-macos-arm64 | 1.4.0 | 1.00 | 21.00 | 22.00 | OK | |
| r-oldrel-macos-x86_64 | 1.4.0 | 1.00 | 29.00 | 30.00 | OK | |
| r-oldrel-windows-x86_64 | 1.4.0 | 5.00 | 53.00 | 58.00 | OK |
Version: 1.4.0
Check: HTML version of manual
Result: NOTE
Found the following HTML validation problems:
Gompertz.html:58:1 (Gompertz.Rd:16): Warning: missing </ul> before </div>
SoftMax.html:50:1 (SoftMax.Rd:12): Warning: missing </ul> before </div>
SoftPlus.html:46:1 (SoftPlus.Rd:11): Warning: missing </ul> before </div>
inverse_Gompertz.html:46:1 (inverse_Gompertz.Rd:10): Warning: missing </ul> before </div>
leakyrelu.html:46:1 (leakyrelu.Rd:10): Warning: missing </ul> before </div>
logistic.html:54:1 (logistic.Rd:14): Warning: missing </ul> before </div>
logit.html:46:1 (logit.Rd:10): Warning: missing </ul> before </div>
relu.html:46:1 (relu.Rd:10): Warning: missing </ul> before </div>
relu_output_to_derivative.html:46:1 (relu_output_to_derivative.Rd:10): Warning: missing </ul> before </div>
sigmoid_output_to_derivative.html:46:1 (sigmoid_output_to_derivative.Rd:10): Warning: missing </ul> before </div>
softplus_output_to_derivative.html:46:1 (softplus_output_to_derivative.Rd:10): Warning: missing </ul> before </div>
tanh_output_to_derivative.html:46:1 (tanh_output_to_derivative.Rd:10): Warning: missing </ul> before </div>
Flavor: r-devel-linux-x86_64-debian-clang