Last updated on 2025-10-31 09:50:30 CET.
| Flavor | Version | Tinstall | Tcheck | Ttotal | Status | Flags | 
|---|---|---|---|---|---|---|
| r-devel-linux-x86_64-debian-clang | 1.0.0 | 1.90 | 30.28 | 32.18 | NOTE | |
| r-devel-linux-x86_64-debian-gcc | 1.0.0 | 1.64 | 24.70 | 26.34 | NOTE | |
| r-devel-linux-x86_64-fedora-clang | 1.0.0 | 47.35 | NOTE | |||
| r-devel-linux-x86_64-fedora-gcc | 1.0.0 | 61.74 | NOTE | |||
| r-devel-windows-x86_64 | 1.0.0 | 5.00 | 51.00 | 56.00 | NOTE | |
| r-patched-linux-x86_64 | 1.0.0 | 2.25 | 28.18 | 30.43 | NOTE | |
| r-release-linux-x86_64 | 1.0.0 | 1.37 | 27.81 | 29.18 | NOTE | |
| r-release-macos-arm64 | 1.0.0 | 1.00 | 35.00 | 36.00 | NOTE | |
| r-release-macos-x86_64 | 1.0.0 | 2.00 | 62.00 | 64.00 | NOTE | |
| r-release-windows-x86_64 | 1.0.0 | 5.00 | 52.00 | 57.00 | NOTE | |
| r-oldrel-macos-arm64 | 1.0.0 | 1.00 | 26.00 | 27.00 | OK | |
| r-oldrel-macos-x86_64 | 1.0.0 | 2.00 | 57.00 | 59.00 | OK | |
| r-oldrel-windows-x86_64 | 1.0.0 | 6.00 | 59.00 | 65.00 | OK | 
Version: 1.0.0
Check: DESCRIPTION meta-information
Result: NOTE
    Missing dependency on R >= 4.1.0 because package code uses the pipe
    |> or function shorthand \(...) syntax added in R 4.1.0.
    File(s) using such syntax:
      ‘lottie_addEventListener.Rd’ ‘lottie_button.Rd’
      ‘lottie_removeEventListener.Rd’
Flavors: r-devel-linux-x86_64-debian-clang, r-devel-linux-x86_64-debian-gcc, r-devel-linux-x86_64-fedora-clang, r-devel-linux-x86_64-fedora-gcc, r-devel-windows-x86_64, r-patched-linux-x86_64, r-release-linux-x86_64, r-release-macos-arm64, r-release-macos-x86_64, r-release-windows-x86_64