Last updated on 2025-10-22 09:50:51 CEST.
Flavor | Version | Tinstall | Tcheck | Ttotal | Status | Flags |
---|---|---|---|---|---|---|
r-devel-linux-x86_64-debian-clang | 0.33.0 | 67.68 | 172.99 | 240.67 | NOTE | |
r-devel-linux-x86_64-debian-gcc | 0.33.0 | 45.06 | 116.65 | 161.71 | NOTE | |
r-devel-linux-x86_64-fedora-clang | 0.33.0 | 141.00 | 232.36 | 373.36 | OK | |
r-devel-linux-x86_64-fedora-gcc | 0.33.0 | 214.00 | 173.51 | 387.51 | OK | |
r-devel-windows-x86_64 | 0.33.0 | 73.00 | 177.00 | 250.00 | OK | |
r-patched-linux-x86_64 | 0.33.0 | 65.08 | 156.52 | 221.60 | OK | |
r-release-linux-x86_64 | 0.33.0 | 66.75 | 154.70 | 221.45 | OK | |
r-release-macos-arm64 | 0.33.0 | 32.00 | 70.00 | 102.00 | OK | |
r-release-macos-x86_64 | 0.33.0 | 47.00 | 142.00 | 189.00 | OK | |
r-release-windows-x86_64 | 0.33.0 | 85.00 | 180.00 | 265.00 | OK | |
r-oldrel-macos-arm64 | 0.33.0 | 28.00 | 82.00 | 110.00 | NOTE | |
r-oldrel-macos-x86_64 | 0.33.0 | 47.00 | 100.00 | 147.00 | NOTE | |
r-oldrel-windows-x86_64 | 0.33.0 | 100.00 | 239.00 | 339.00 | OK |
Version: 0.33.0
Check: HTML version of manual
Result: NOTE
Found the following HTML validation problems:
print-method.html:51:1 (print-method.Rd:13): Warning: missing </ul> before </div>
print.sdcProblem-method.html:51:1 (print.sdcProblem-method.Rd:13): Warning: missing </ul> before </div>
show.sdcProblem-method.html:47:1 (show.sdcProblem-method.Rd:11): Warning: missing </ul> before </div>
summary.sdcProblem-method.html:51:1 (summary.sdcProblem-method.Rd:13): Warning: missing </ul> before </div>
Flavors: r-devel-linux-x86_64-debian-clang, r-devel-linux-x86_64-debian-gcc
Version: 0.33.0
Check: installed package size
Result: NOTE
installed size is 8.1Mb
sub-directories of 1Mb or more:
R 2.0Mb
libs 5.7Mb
Flavors: r-oldrel-macos-arm64, r-oldrel-macos-x86_64