Last updated on 2025-10-07 09:49:59 CEST.
Flavor | Version | Tinstall | Tcheck | Ttotal | Status | Flags |
---|---|---|---|---|---|---|
r-devel-linux-x86_64-debian-clang | 0.0.1.0 | 13.42 | 105.88 | 119.30 | OK | |
r-devel-linux-x86_64-debian-gcc | 0.0.1.0 | 8.92 | 73.54 | 82.46 | OK | |
r-devel-linux-x86_64-fedora-clang | 0.0.1.0 | 186.19 | OK | |||
r-devel-linux-x86_64-fedora-gcc | 0.0.1.0 | 173.29 | OK | |||
r-devel-windows-x86_64 | 0.0.1.0 | 14.00 | 112.00 | 126.00 | OK | |
r-patched-linux-x86_64 | 0.0.1.0 | 13.58 | 100.79 | 114.37 | OK | |
r-release-linux-x86_64 | 0.0.1.0 | 13.06 | 99.72 | 112.78 | OK | |
r-release-macos-arm64 | 0.0.1.0 | 45.00 | OK | |||
r-release-macos-x86_64 | 0.0.1.0 | 84.00 | OK | |||
r-release-windows-x86_64 | 0.0.1.0 | 14.00 | 113.00 | 127.00 | OK | |
r-oldrel-macos-arm64 | 0.0.1.0 | 46.00 | NOTE | |||
r-oldrel-macos-x86_64 | 0.0.1.0 | 65.00 | NOTE | |||
r-oldrel-windows-x86_64 | 0.0.1.0 | 20.00 | 143.00 | 163.00 | NOTE |
Version: 0.0.1.0
Check: LazyData
Result: NOTE
'LazyData' is specified without a 'data' directory
Flavors: r-oldrel-macos-arm64, r-oldrel-macos-x86_64, r-oldrel-windows-x86_64