Last updated on 2025-11-16 10:49:56 CET.
| Flavor | Version | Tinstall | Tcheck | Ttotal | Status | Flags |
|---|---|---|---|---|---|---|
| r-devel-linux-x86_64-debian-clang | 2.0.13 | 374.37 | 30.53 | 404.90 | OK | |
| r-devel-linux-x86_64-debian-gcc | 2.0.13 | 305.77 | 88.30 | 394.07 | NOTE | |
| r-devel-linux-x86_64-fedora-clang | 2.0.13 | 960.00 | -120.12 | 839.88 | OK | |
| r-devel-linux-x86_64-fedora-gcc | 2.0.13 | 2100.00 | -1109.51 | 990.49 | OK | |
| r-devel-windows-x86_64 | 2.0.13 | 609.00 | 95.00 | 704.00 | OK | |
| r-patched-linux-x86_64 | 2.0.13 | 498.67 | 123.20 | 621.87 | OK | |
| r-release-linux-x86_64 | 2.0.13 | 507.33 | 122.30 | 629.63 | OK | |
| r-release-macos-arm64 | 2.0.13 | 166.00 | 20.00 | 186.00 | OK | |
| r-release-macos-x86_64 | 2.0.13 | 112.00 | 36.00 | 148.00 | OK | |
| r-release-windows-x86_64 | 2.0.13 | 593.00 | 97.00 | 690.00 | OK | |
| r-oldrel-macos-arm64 | 2.0.13 | 72.00 | 17.00 | 89.00 | NOTE | |
| r-oldrel-macos-x86_64 | 2.0.13 | 47.00 | 27.00 | 74.00 | NOTE | |
| r-oldrel-windows-x86_64 | 2.0.13 | 632.00 | 115.00 | 747.00 | OK |
Version: 2.0.13
Check: CRAN incoming feasibility
Result: NOTE
Maintainer: ‘Matthew L. Fidler <matthew.fidler@gmail.com>’
The BugReports field in DESCRIPTION has
https://github.com/nlmixr2/rxode2ll/issues/
which should likely be
https://github.com/nlmixr2/rxode2ll/issues/issues
instead.
Flavor: r-devel-linux-x86_64-debian-gcc
Version: 2.0.13
Check: installed package size
Result: NOTE
installed size is 13.9Mb
sub-directories of 1Mb or more:
libs 13.8Mb
Flavors: r-oldrel-macos-arm64, r-oldrel-macos-x86_64