Last updated on 2025-10-30 09:50:01 CET.
| Flavor | Version | Tinstall | Tcheck | Ttotal | Status | Flags | 
|---|---|---|---|---|---|---|
| r-devel-linux-x86_64-debian-clang | 1.3-8 | 30.59 | 324.06 | 354.65 | OK | |
| r-devel-linux-x86_64-debian-gcc | 1.3-8 | 17.70 | 205.67 | 223.37 | OK | |
| r-devel-linux-x86_64-fedora-clang | 1.3-8 | 67.00 | 501.37 | 568.37 | OK | |
| r-devel-linux-x86_64-fedora-gcc | 1.3-8 | 67.00 | 491.58 | 558.58 | OK | |
| r-devel-windows-x86_64 | 1.3-8 | 29.00 | 286.00 | 315.00 | OK | |
| r-patched-linux-x86_64 | 1.3-8 | 28.87 | 310.28 | 339.15 | OK | |
| r-release-linux-x86_64 | 1.3-8 | 28.30 | 307.06 | 335.36 | OK | |
| r-release-macos-arm64 | 1.3-8 | 13.00 | 127.00 | 140.00 | OK | |
| r-release-macos-x86_64 | 1.3-8 | 29.00 | 294.00 | 323.00 | OK | |
| r-release-windows-x86_64 | 1.3-8 | 28.00 | 292.00 | 320.00 | OK | |
| r-oldrel-macos-arm64 | 1.3-8 | 12.00 | 112.00 | 124.00 | NOTE | |
| r-oldrel-macos-x86_64 | 1.3-8 | 19.00 | 194.00 | 213.00 | NOTE | |
| r-oldrel-windows-x86_64 | 1.3-8 | 40.00 | 388.00 | 428.00 | NOTE | 
Version: 1.3-8
Check: installed package size
Result: NOTE
    installed size is  6.3Mb
    sub-directories of 1Mb or more:
      data   2.1Mb
      doc    3.9Mb
Flavors: r-oldrel-macos-arm64, r-oldrel-macos-x86_64, r-oldrel-windows-x86_64